Last updated on 2023-09-24 21:04:37 CEST.
Flavor | Version | Tinstall | Tcheck | Ttotal | Status | Flags |
---|---|---|---|---|---|---|
r-devel-linux-x86_64-debian-clang | 1.7-22 | 106.43 | 369.16 | 475.59 | NOTE | |
r-devel-linux-x86_64-debian-gcc | 1.7-22 | 73.83 | 275.17 | 349.00 | NOTE | |
r-devel-linux-x86_64-fedora-clang | 1.7-22 | 585.75 | NOTE | |||
r-devel-linux-x86_64-fedora-gcc | 1.7-22 | 612.59 | NOTE | |||
r-devel-windows-x86_64 | 1.7-22 | 79.00 | 381.00 | 460.00 | NOTE | |
r-patched-linux-x86_64 | 1.7-22 | 91.06 | 363.69 | 454.75 | NOTE | |
r-release-linux-x86_64 | 1.7-22 | 103.54 | 366.03 | 469.57 | NOTE | |
r-release-macos-arm64 | 1.7-22 | 147.00 | NOTE | |||
r-release-macos-x86_64 | 1.7-22 | 266.00 | NOTE | |||
r-release-windows-x86_64 | 1.7-22 | 110.00 | 474.00 | 584.00 | NOTE | |
r-oldrel-macos-arm64 | 1.7-22 | 149.00 | NOTE | |||
r-oldrel-macos-x86_64 | 1.7-22 | 183.00 | NOTE | |||
r-oldrel-windows-x86_64 | 1.7-22 | 109.00 | 456.00 | 565.00 | NOTE |
Version: 1.7-22
Check: package dependencies
Result: NOTE
Package suggested but not available for checking: ‘adephylo’
Flavors: r-devel-linux-x86_64-debian-clang, r-devel-linux-x86_64-debian-gcc, r-devel-linux-x86_64-fedora-clang, r-devel-linux-x86_64-fedora-gcc, r-patched-linux-x86_64, r-release-linux-x86_64
Version: 1.7-22
Check: Rd cross-references
Result: NOTE
Unknown package ‘adephylo’ in Rd xrefs
Flavors: r-devel-linux-x86_64-debian-clang, r-devel-linux-x86_64-debian-gcc, r-devel-linux-x86_64-fedora-clang, r-devel-linux-x86_64-fedora-gcc, r-patched-linux-x86_64, r-release-linux-x86_64
Version: 1.7-22
Check: installed package size
Result: NOTE
installed size is 6.5Mb
sub-directories of 1Mb or more:
R 1.4Mb
data 3.0Mb
Flavors: r-devel-linux-x86_64-fedora-clang, r-devel-windows-x86_64, r-release-macos-arm64, r-release-macos-x86_64, r-release-windows-x86_64, r-oldrel-macos-arm64, r-oldrel-macos-x86_64, r-oldrel-windows-x86_64
Version: 1.7-22
Check: dependencies in R code
Result: NOTE
Namespace in Imports field not imported from: ‘sp’
All declared Imports should be used.
Flavors: r-devel-linux-x86_64-fedora-clang, r-devel-linux-x86_64-fedora-gcc