Last updated on 2023-12-06 18:52:36 CET.
Flavor | Version | Tinstall | Tcheck | Ttotal | Status | Flags |
---|---|---|---|---|---|---|
r-devel-linux-x86_64-debian-clang | 0.6.7 | 48.49 | 220.51 | 269.00 | NOTE | |
r-devel-linux-x86_64-debian-gcc | 0.6.7 | 37.38 | 158.05 | 195.43 | NOTE | |
r-devel-linux-x86_64-fedora-clang | 0.6.7 | 357.05 | OK | |||
r-devel-linux-x86_64-fedora-gcc | 0.6.7 | 340.70 | OK | |||
r-devel-windows-x86_64 | 0.6.7 | 40.00 | 194.00 | 234.00 | OK | |
r-patched-linux-x86_64 | 0.6.7 | 38.71 | 200.45 | 239.16 | OK | |
r-release-linux-x86_64 | 0.6.7 | 30.73 | 198.38 | 229.11 | OK | |
r-release-macos-arm64 | 0.6.7 | 81.00 | NOTE | |||
r-release-macos-x86_64 | 0.6.7 | 160.00 | NOTE | |||
r-release-windows-x86_64 | 0.6.7 | 54.00 | 240.00 | 294.00 | OK | |
r-oldrel-macos-arm64 | 0.6.7 | 72.00 | NOTE | |||
r-oldrel-macos-x86_64 | 0.6.7 | 108.00 | NOTE | |||
r-oldrel-windows-x86_64 | 0.6.7 | 52.00 | 227.00 | 279.00 | OK |
Version: 0.6.7
Check: Rd files
Result: NOTE
checkRd: (-1) adjClust.Rd:35-37: Lost braces in \itemize; \value handles \item{}{} directly
checkRd: (-1) adjClust.Rd:38-41: Lost braces in \itemize; \value handles \item{}{} directly
Flavors: r-devel-linux-x86_64-debian-clang, r-devel-linux-x86_64-debian-gcc
Version: 0.6.7
Check: package dependencies
Result: NOTE
Packages suggested but not available for checking: 'HiTC', 'snpStats'
Flavor: r-release-macos-arm64
Version: 0.6.7
Check: installed package size
Result: NOTE
installed size is 5.5Mb
sub-directories of 1Mb or more:
doc 2.4Mb
libs 2.5Mb
Flavors: r-release-macos-arm64, r-release-macos-x86_64, r-oldrel-macos-arm64, r-oldrel-macos-x86_64
Version: 0.6.7
Check: Rd cross-references
Result: NOTE
Package unavailable to check Rd xrefs: ‘snpStats’
Flavor: r-release-macos-arm64
Version: 0.6.7
Check: package dependencies
Result: NOTE
Package suggested but not available for checking: ‘HiTC’
Flavors: r-release-macos-x86_64, r-oldrel-macos-arm64, r-oldrel-macos-x86_64