Last updated on 2023-12-09 18:54:09 CET.
Flavor | Version | Tinstall | Tcheck | Ttotal | Status | Flags |
---|---|---|---|---|---|---|
r-devel-linux-x86_64-debian-clang | 0.10.1 | 13.40 | 493.58 | 506.98 | NOTE | |
r-devel-linux-x86_64-debian-gcc | 0.10.1 | 8.86 | 364.30 | 373.16 | NOTE | |
r-devel-linux-x86_64-fedora-clang | 0.10.1 | 618.02 | NOTE | |||
r-devel-linux-x86_64-fedora-gcc | 0.10.1 | 609.02 | OK | |||
r-devel-windows-x86_64 | 0.10.1 | 12.00 | 396.00 | 408.00 | OK | |
r-patched-linux-x86_64 | 0.10.1 | 12.89 | 475.46 | 488.35 | OK | |
r-release-linux-x86_64 | 0.10.1 | 12.01 | 476.80 | 488.81 | OK | |
r-release-macos-arm64 | 0.10.1 | 172.00 | OK | |||
r-release-macos-x86_64 | 0.10.1 | 437.00 | OK | |||
r-release-windows-x86_64 | 0.10.1 | 15.00 | 522.00 | 537.00 | OK | |
r-oldrel-macos-arm64 | 0.10.1 | 170.00 | OK | |||
r-oldrel-macos-x86_64 | 0.10.1 | 228.00 | OK | |||
r-oldrel-windows-x86_64 | 0.10.1 | 16.00 | 522.00 | 538.00 | OK |
Version: 0.10.1
Check: Rd files
Result: NOTE
checkRd: (-1) cif_aalen_johansen.Rd:39: Lost braces in \itemize; \value handles \item{}{} directly
checkRd: (-1) cif_aiptw.Rd:52: Lost braces in \itemize; \value handles \item{}{} directly
checkRd: (-1) cif_aiptw_pseudo.Rd:49: Lost braces in \itemize; \value handles \item{}{} directly
checkRd: (-1) cif_aiptw_pseudo.Rd:50: Lost braces in \itemize; \value handles \item{}{} directly
checkRd: (-1) cif_direct.Rd:49: Lost braces in \itemize; \value handles \item{}{} directly
checkRd: (-1) cif_direct_pseudo.Rd:47: Lost braces in \itemize; \value handles \item{}{} directly
checkRd: (-1) cif_direct_pseudo.Rd:48: Lost braces in \itemize; \value handles \item{}{} directly
checkRd: (-1) cif_iptw.Rd:49: Lost braces in \itemize; \value handles \item{}{} directly
checkRd: (-1) cif_iptw_pseudo.Rd:54: Lost braces in \itemize; \value handles \item{}{} directly
checkRd: (-1) cif_iptw_pseudo.Rd:55: Lost braces in \itemize; \value handles \item{}{} directly
checkRd: (-1) cif_matching.Rd:46: Lost braces in \itemize; \value handles \item{}{} directly
checkRd: (-1) cif_matching.Rd:47: Lost braces in \itemize; \value handles \item{}{} directly
checkRd: (-1) models_cif_direct.Rd:20: Lost braces in \itemize; meant \describe ?
checkRd: (-1) models_cif_direct.Rd:22: Lost braces in \itemize; meant \describe ?
checkRd: (-1) models_cif_direct.Rd:24: Lost braces in \itemize; meant \describe ?
checkRd: (-1) models_cif_direct.Rd:26: Lost braces in \itemize; meant \describe ?
checkRd: (-1) models_cif_direct.Rd:28: Lost braces in \itemize; meant \describe ?
checkRd: (-1) models_cif_direct.Rd:30: Lost braces in \itemize; meant \describe ?
checkRd: (-1) models_cif_direct.Rd:32: Lost braces in \itemize; meant \describe ?
checkRd: (-1) models_cif_direct.Rd:34: Lost braces in \itemize; meant \describe ?
checkRd: (-1) models_cif_direct.Rd:36: Lost braces in \itemize; meant \describe ?
checkRd: (-1) models_cif_direct.Rd:38: Lost braces in \itemize; meant \describe ?
checkRd: (-1) models_surv_direct.Rd:20: Lost braces in \itemize; meant \describe ?
checkRd: (-1) models_surv_direct.Rd:22: Lost braces in \itemize; meant \describe ?
checkRd: (-1) models_surv_direct.Rd:24: Lost braces in \itemize; meant \describe ?
checkRd: (-1) models_surv_direct.Rd:26: Lost braces in \itemize; meant \describe ?
checkRd: (-1) models_surv_direct.Rd:28: Lost braces in \itemize; meant \describe ?
checkRd: (-1) models_surv_direct.Rd:30: Lost braces in \itemize; meant \describe ?
checkRd: (-1) models_surv_direct.Rd:32: Lost braces in \itemize; meant \describe ?
checkRd: (-1) models_surv_direct.Rd:34: Lost braces in \itemize; meant \describe ?
checkRd: (-1) models_surv_direct.Rd:36: Lost braces in \itemize; meant \describe ?
checkRd: (-1) models_surv_direct.Rd:38: Lost braces in \itemize; meant \describe ?
checkRd: (-1) models_surv_direct.Rd:40: Lost braces in \itemize; meant \describe ?
checkRd: (-1) models_surv_direct.Rd:42: Lost braces in \itemize; meant \describe ?
checkRd: (-1) models_surv_direct.Rd:44: Lost braces in \itemize; meant \describe ?
checkRd: (-1) models_surv_direct.Rd:46: Lost braces in \itemize; meant \describe ?
checkRd: (-1) models_surv_direct.Rd:48: Lost braces in \itemize; meant \describe ?
checkRd: (-1) models_surv_direct.Rd:50: Lost braces in \itemize; meant \describe ?
checkRd: (-1) models_surv_direct.Rd:52: Lost braces in \itemize; meant \describe ?
checkRd: (-1) models_surv_direct.Rd:54: Lost braces in \itemize; meant \describe ?
checkRd: (-1) models_surv_direct.Rd:56: Lost braces in \itemize; meant \describe ?
checkRd: (-1) models_surv_direct.Rd:58: Lost braces in \itemize; meant \describe ?
checkRd: (-1) models_surv_direct.Rd:60: Lost braces in \itemize; meant \describe ?
checkRd: (-1) models_surv_direct.Rd:62: Lost braces in \itemize; meant \describe ?
checkRd: (-1) models_surv_direct.Rd:64: Lost braces in \itemize; meant \describe ?
checkRd: (-1) models_surv_direct.Rd:66: Lost braces in \itemize; meant \describe ?
checkRd: (-1) surv_aiptw.Rd:52: Lost braces in \itemize; \value handles \item{}{} directly
checkRd: (-1) surv_aiptw_pseudo.Rd:56: Lost braces in \itemize; \value handles \item{}{} directly
checkRd: (-1) surv_aiptw_pseudo.Rd:57: Lost braces in \itemize; \value handles \item{}{} directly
checkRd: (-1) surv_direct.Rd:48: Lost braces in \itemize; \value handles \item{}{} directly
checkRd: (-1) surv_direct_pseudo.Rd:56: Lost braces in \itemize; \value handles \item{}{} directly
checkRd: (-1) surv_direct_pseudo.Rd:57: Lost braces in \itemize; \value handles \item{}{} directly
checkRd: (-1) surv_iptw_cox.Rd:51: Lost braces in \itemize; \value handles \item{}{} directly
checkRd: (-1) surv_iptw_cox.Rd:52: Lost braces in \itemize; \value handles \item{}{} directly
checkRd: (-1) surv_iptw_cox.Rd:53: Lost braces in \itemize; \value handles \item{}{} directly
checkRd: (-1) surv_iptw_km.Rd:51: Lost braces in \itemize; \value handles \item{}{} directly
checkRd: (-1) surv_iptw_km.Rd:52: Lost braces in \itemize; \value handles \item{}{} directly
checkRd: (-1) surv_iptw_pseudo.Rd:63: Lost braces in \itemize; \value handles \item{}{} directly
checkRd: (-1) surv_iptw_pseudo.Rd:64: Lost braces in \itemize; \value handles \item{}{} directly
checkRd: (-1) surv_km.Rd:39: Lost braces in \itemize; \value handles \item{}{} directly
checkRd: (-1) surv_matching.Rd:48: Lost braces in \itemize; \value handles \item{}{} directly
checkRd: (-1) surv_matching.Rd:49: Lost braces in \itemize; \value handles \item{}{} directly
checkRd: (-1) surv_strat_amato.Rd:43: Lost braces in \itemize; \value handles \item{}{} directly
Flavors: r-devel-linux-x86_64-debian-clang, r-devel-linux-x86_64-debian-gcc
Version: 0.10.1
Check: Rd cross-references
Result: NOTE
Undeclared packages ‘timereg’, ‘rms’, ‘ranger’ in Rd xrefs
Flavor: r-devel-linux-x86_64-fedora-clang