Last updated on 2023-06-05 20:57:31 CEST.
Flavor | Version | Tinstall | Tcheck | Ttotal | Status | Flags |
---|---|---|---|---|---|---|
r-devel-linux-x86_64-debian-clang | 2.1-0 | 34.92 | 340.80 | 375.72 | OK | |
r-devel-linux-x86_64-debian-gcc | 2.1-0 | 28.14 | 269.14 | 297.28 | OK | |
r-devel-linux-x86_64-fedora-clang | 2.1-0 | 452.44 | OK | |||
r-devel-linux-x86_64-fedora-gcc | 2.1-0 | 447.18 | OK | |||
r-devel-windows-x86_64 | 2.1-0 | 34.00 | 318.00 | 352.00 | OK | |
r-patched-linux-x86_64 | 2.1-0 | 31.06 | 326.57 | 357.63 | OK | |
r-release-linux-x86_64 | 2.1-0 | 29.71 | 317.69 | 347.40 | OK | |
r-release-macos-arm64 | 2.1-0 | 152.00 | OK | |||
r-release-macos-x86_64 | 2.1-0 | 257.00 | NOTE | |||
r-release-windows-x86_64 | 2.1-0 | 31.00 | 402.00 | 433.00 | OK | |
r-oldrel-macos-arm64 | 2.1-0 | 106.00 | OK | |||
r-oldrel-macos-x86_64 | 2.1-0 | 172.00 | OK | |||
r-oldrel-windows-x86_64 | 2.1-0 | 35.00 | 369.00 | 404.00 | OK |
Version: 2.1-0
Check: package dependencies
Result: NOTE
Package suggested but not available for checking: ‘flexsurv’
Flavor: r-release-macos-x86_64