Last updated on 2023-11-29 18:48:39 CET.
Flavor | Version | Tinstall | Tcheck | Ttotal | Status | Flags |
---|---|---|---|---|---|---|
r-devel-linux-x86_64-debian-clang | 0.1.8 | 6.24 | 42.74 | 48.98 | OK | |
r-devel-linux-x86_64-debian-gcc | 0.1.8 | 4.37 | 33.00 | 37.37 | OK | |
r-devel-linux-x86_64-fedora-clang | 0.1.8 | 62.19 | NOTE | |||
r-devel-linux-x86_64-fedora-gcc | 0.1.8 | 72.23 | NOTE | |||
r-devel-windows-x86_64 | 0.1.8 | 8.00 | 59.00 | 67.00 | NOTE | |
r-patched-linux-x86_64 | 0.1.8 | 4.08 | 41.38 | 45.46 | OK | |
r-release-linux-x86_64 | 0.1.8 | 4.91 | 41.56 | 46.47 | OK | |
r-release-macos-arm64 | 0.1.8 | 32.00 | NOTE | |||
r-release-macos-x86_64 | 0.1.8 | 43.00 | NOTE | |||
r-release-windows-x86_64 | 0.1.8 | 11.00 | 60.00 | 71.00 | NOTE | |
r-oldrel-macos-arm64 | 0.1.8 | 23.00 | NOTE | |||
r-oldrel-macos-x86_64 | 0.1.8 | 45.00 | NOTE | |||
r-oldrel-windows-x86_64 | 0.1.8 | 12.00 | 66.00 | 78.00 | NOTE |
Version: 0.1.8
Check: installed package size
Result: NOTE
installed size is 5.8Mb
sub-directories of 1Mb or more:
tutorials 5.6Mb
Flavors: r-devel-linux-x86_64-fedora-clang, r-devel-windows-x86_64, r-release-macos-arm64, r-release-macos-x86_64, r-release-windows-x86_64, r-oldrel-macos-arm64, r-oldrel-macos-x86_64, r-oldrel-windows-x86_64
Version: 0.1.8
Check: dependencies in R code
Result: NOTE
Namespaces in Imports field not imported from:
‘BayesFactor’ ‘GGally’ ‘Hmisc’ ‘WRS2’ ‘boot’ ‘car’ ‘dplyr’ ‘effects’
‘effsize’ ‘forcats’ ‘ggplot2’ ‘lm.beta’ ‘nlme’ ‘readr’ ‘robust’
‘sandwich’ ‘sjstats’ ‘tidyr’
All declared Imports should be used.
Flavors: r-devel-linux-x86_64-fedora-clang, r-devel-linux-x86_64-fedora-gcc, r-oldrel-macos-arm64, r-oldrel-macos-x86_64