Last updated on 2023-12-04 18:52:08 CET.
Flavor | Version | Tinstall | Tcheck | Ttotal | Status | Flags |
---|---|---|---|---|---|---|
r-devel-linux-x86_64-debian-clang | 4.3.1.1 | 132.73 | 110.66 | 243.39 | OK | |
r-devel-linux-x86_64-debian-gcc | 4.3.1.1 | 60.35 | 83.23 | 143.58 | OK | |
r-devel-linux-x86_64-fedora-clang | 4.3.1.1 | 261.96 | OK | |||
r-devel-linux-x86_64-fedora-gcc | 4.3.1.1 | 244.76 | OK | |||
r-devel-windows-x86_64 | 4.3.1.1 | 55.00 | 129.00 | 184.00 | OK | |
r-patched-linux-x86_64 | 4.3.1.1 | 44.59 | 105.47 | 150.06 | OK | |
r-release-linux-x86_64 | 4.3.1.1 | 53.03 | 106.88 | 159.91 | OK | |
r-release-macos-arm64 | 4.3.1.1 | 67.00 | NOTE | |||
r-release-macos-x86_64 | 4.3.1.1 | 171.00 | NOTE | |||
r-release-windows-x86_64 | 4.3.1.1 | 75.00 | 145.00 | 220.00 | OK | |
r-oldrel-macos-arm64 | 4.3.1.1 | 68.00 | NOTE | |||
r-oldrel-macos-x86_64 | 4.3.1.1 | 103.00 | NOTE | |||
r-oldrel-windows-x86_64 | 4.3.1.1 | 68.00 | 136.00 | 204.00 | OK |
Version: 4.3.1.1
Check: installed package size
Result: NOTE
installed size is 7.9Mb
sub-directories of 1Mb or more:
libs 7.7Mb
Flavors: r-release-macos-arm64, r-release-macos-x86_64, r-oldrel-macos-arm64, r-oldrel-macos-x86_64