Last updated on 2023-12-04 18:52:08 CET.
Flavor | Version | Tinstall | Tcheck | Ttotal | Status | Flags |
---|---|---|---|---|---|---|
r-devel-linux-x86_64-debian-clang | 0.3.1 | 5.47 | 149.06 | 154.53 | NOTE | |
r-devel-linux-x86_64-debian-gcc | 0.3.1 | 4.19 | 102.37 | 106.56 | NOTE | |
r-devel-linux-x86_64-fedora-clang | 0.3.1 | 183.04 | NOTE | |||
r-devel-linux-x86_64-fedora-gcc | 0.3.1 | 189.46 | NOTE | |||
r-devel-windows-x86_64 | 0.3.1 | 7.00 | 112.00 | 119.00 | NOTE | |
r-patched-linux-x86_64 | 0.3.1 | 5.29 | 137.84 | 143.13 | NOTE | |
r-release-linux-x86_64 | 0.3.1 | 4.30 | 137.37 | 141.67 | NOTE | |
r-release-macos-arm64 | 0.3.1 | 55.00 | NOTE | |||
r-release-macos-x86_64 | 0.3.1 | 98.00 | NOTE | |||
r-release-windows-x86_64 | 0.3.1 | 7.00 | 136.00 | 143.00 | NOTE | |
r-oldrel-macos-arm64 | 0.3.1 | 47.00 | NOTE | |||
r-oldrel-macos-x86_64 | 0.3.1 | 64.00 | NOTE | |||
r-oldrel-windows-x86_64 | 0.3.1 | 8.00 | 137.00 | 145.00 | NOTE |
Version: 0.3.1
Check: LazyData
Result: NOTE
'LazyData' is specified without a 'data' directory
Flavors: r-devel-linux-x86_64-debian-clang, r-devel-linux-x86_64-debian-gcc, r-devel-linux-x86_64-fedora-clang, r-devel-linux-x86_64-fedora-gcc, r-devel-windows-x86_64, r-patched-linux-x86_64, r-release-linux-x86_64, r-release-macos-arm64, r-release-macos-x86_64, r-release-windows-x86_64, r-oldrel-macos-arm64, r-oldrel-macos-x86_64, r-oldrel-windows-x86_64