CRAN Package Check Results for Package airGRdatassim

Last updated on 2024-02-21 18:50:57 CET.

Flavor Version Tinstall Tcheck Ttotal Status Flags
r-devel-linux-x86_64-debian-clang 0.1.3 NOTE
r-devel-linux-x86_64-debian-gcc 0.1.3 2.41 104.15 106.56 NOTE
r-devel-linux-x86_64-fedora-clang 0.1.3 OK
r-devel-linux-x86_64-fedora-gcc 0.1.3 172.69 OK
r-devel-windows-x86_64 0.1.3 3.00 122.00 125.00 OK
r-patched-linux-x86_64 0.1.3 5.21 130.29 135.50 OK
r-release-linux-x86_64 0.1.3 2.37 130.01 132.38 OK
r-release-macos-arm64 0.1.3 62.00 OK
r-release-macos-x86_64 0.1.3 104.00 OK
r-release-windows-x86_64 0.1.3 4.00 156.00 160.00 OK
r-oldrel-macos-arm64 0.1.3 54.00 OK
r-oldrel-windows-x86_64 0.1.3 4.00 154.00 158.00 OK

Check Details

Version: 0.1.3
Check: Rd files
Result: NOTE checkRd: (-1) CreateInputsPert.Rd:65: Lost braces 65 | \emph{InputsPert}{[list] object of class \emph{InputsModel} containing the ensembles of perturbed model inputs required to perform data assimilation:} | ^ Flavors: r-devel-linux-x86_64-debian-clang, r-devel-linux-x86_64-debian-gcc