Last updated on 2023-12-02 18:53:34 CET.
Flavor | Version | Tinstall | Tcheck | Ttotal | Status | Flags |
---|---|---|---|---|---|---|
r-devel-linux-x86_64-debian-clang | 0.8.2 | 9.71 | 78.35 | 88.06 | NOTE | |
r-devel-linux-x86_64-debian-gcc | 0.8.2 | 7.33 | 57.79 | 65.12 | NOTE | |
r-devel-linux-x86_64-fedora-clang | 0.8.2 | 110.31 | NOTE | |||
r-devel-linux-x86_64-fedora-gcc | 0.8.2 | 108.25 | NOTE | |||
r-devel-windows-x86_64 | 0.8.2 | 10.00 | 79.00 | 89.00 | NOTE | |
r-patched-linux-x86_64 | 0.8.2 | 10.24 | 73.67 | 83.91 | OK | |
r-release-linux-x86_64 | 0.8.2 | 10.34 | 73.22 | 83.56 | OK | |
r-release-macos-arm64 | 0.8.2 | 36.00 | OK | |||
r-release-macos-x86_64 | 0.8.2 | 54.00 | OK | |||
r-release-windows-x86_64 | 0.8.2 | 12.00 | 91.00 | 103.00 | OK | |
r-oldrel-macos-arm64 | 0.8.2 | 34.00 | NOTE | |||
r-oldrel-macos-x86_64 | 0.8.2 | 63.00 | NOTE | |||
r-oldrel-windows-x86_64 | 0.8.2 | 13.00 | 93.00 | 106.00 | OK |
Version: 0.8.2
Check: Rd files
Result: NOTE
checkRd: (-1) convert_to_imeca.Rd:16: Lost braces in \itemize; meant \describe ?
checkRd: (-1) convert_to_imeca.Rd:17: Lost braces in \itemize; meant \describe ?
checkRd: (-1) convert_to_imeca.Rd:17-18: Lost braces in \itemize; meant \describe ?
checkRd: (-1) convert_to_imeca.Rd:18: Lost braces in \itemize; meant \describe ?
checkRd: (-1) convert_to_imeca.Rd:19-20: Lost braces in \itemize; meant \describe ?
checkRd: (-1) convert_to_imeca.Rd:20-21: Lost braces in \itemize; meant \describe ?
checkRd: (-1) convert_to_index.Rd:13: Lost braces in \itemize; meant \describe ?
checkRd: (-1) convert_to_index.Rd:14: Lost braces in \itemize; meant \describe ?
checkRd: (-1) convert_to_index.Rd:14-15: Lost braces in \itemize; meant \describe ?
checkRd: (-1) convert_to_index.Rd:15: Lost braces in \itemize; meant \describe ?
checkRd: (-1) convert_to_index.Rd:16-17: Lost braces in \itemize; meant \describe ?
checkRd: (-1) convert_to_index.Rd:17-18: Lost braces in \itemize; meant \describe ?
checkRd: (-1) download_24hr_average.Rd:12: Lost braces in \itemize; meant \describe ?
checkRd: (-1) download_24hr_average.Rd:13: Lost braces in \itemize; meant \describe ?
checkRd: (-1) download_deposition.Rd:12: Lost braces in \itemize; meant \describe ?
checkRd: (-1) download_deposition.Rd:13: Lost braces in \itemize; meant \describe ?
checkRd: (-1) download_deposition.Rd:18: Lost braces in \itemize; meant \describe ?
checkRd: (-1) download_deposition.Rd:19: Lost braces in \itemize; meant \describe ?
checkRd: (-1) download_radiation.Rd:12: Lost braces in \itemize; meant \describe ?
checkRd: (-1) download_radiation.Rd:13: Lost braces in \itemize; meant \describe ?
checkRd: (-1) get_station_data.Rd:12: Lost braces in \itemize; meant \describe ?
checkRd: (-1) get_station_data.Rd:13: Lost braces in \itemize; meant \describe ?
checkRd: (-1) get_station_data.Rd:14: Lost braces in \itemize; meant \describe ?
checkRd: (-1) get_station_data.Rd:19: Lost braces in \itemize; meant \describe ?
checkRd: (-1) get_station_data.Rd:20: Lost braces in \itemize; meant \describe ?
checkRd: (-1) get_station_data.Rd:21: Lost braces in \itemize; meant \describe ?
checkRd: (-1) get_station_data.Rd:22: Lost braces in \itemize; meant \describe ?
checkRd: (-1) get_station_data.Rd:23: Lost braces in \itemize; meant \describe ?
checkRd: (-1) get_station_data.Rd:24: Lost braces in \itemize; meant \describe ?
checkRd: (-1) get_station_data.Rd:25-26: Lost braces in \itemize; meant \describe ?
checkRd: (-1) get_station_data.Rd:27-28: Lost braces in \itemize; meant \describe ?
checkRd: (-1) get_station_data.Rd:29: Lost braces in \itemize; meant \describe ?
checkRd: (-1) get_station_data.Rd:30: Lost braces in \itemize; meant \describe ?
checkRd: (-1) get_station_data.Rd:31: Lost braces in \itemize; meant \describe ?
checkRd: (-1) get_station_data.Rd:32: Lost braces in \itemize; meant \describe ?
checkRd: (-1) get_station_imeca.Rd:12: Lost braces in \itemize; meant \describe ?
checkRd: (-1) get_station_imeca.Rd:13: Lost braces in \itemize; meant \describe ?
checkRd: (-1) get_station_imeca.Rd:14: Lost braces in \itemize; meant \describe ?
checkRd: (-1) get_station_imeca.Rd:15: Lost braces in \itemize; meant \describe ?
checkRd: (-1) get_station_imeca.Rd:16: Lost braces in \itemize; meant \describe ?
checkRd: (-1) get_station_month_data.Rd:12: Lost braces in \itemize; meant \describe ?
checkRd: (-1) get_station_month_data.Rd:13: Lost braces in \itemize; meant \describe ?
checkRd: (-1) get_station_month_data.Rd:14: Lost braces in \itemize; meant \describe ?
checkRd: (-1) get_station_month_data.Rd:19: Lost braces in \itemize; meant \describe ?
checkRd: (-1) get_station_month_data.Rd:20: Lost braces in \itemize; meant \describe ?
checkRd: (-1) get_station_month_data.Rd:21: Lost braces in \itemize; meant \describe ?
checkRd: (-1) get_station_month_data.Rd:22: Lost braces in \itemize; meant \describe ?
checkRd: (-1) get_station_month_data.Rd:23: Lost braces in \itemize; meant \describe ?
checkRd: (-1) get_station_month_data.Rd:24: Lost braces in \itemize; meant \describe ?
checkRd: (-1) get_station_month_data.Rd:25-26: Lost braces in \itemize; meant \describe ?
checkRd: (-1) get_station_month_data.Rd:27-28: Lost braces in \itemize; meant \describe ?
checkRd: (-1) get_station_month_data.Rd:29: Lost braces in \itemize; meant \describe ?
checkRd: (-1) get_station_month_data.Rd:30: Lost braces in \itemize; meant \describe ?
checkRd: (-1) get_station_month_data.Rd:31: Lost braces in \itemize; meant \describe ?
checkRd: (-1) get_station_month_data.Rd:32: Lost braces in \itemize; meant \describe ?
checkRd: (-1) get_zone_imeca.Rd:13: Lost braces in \itemize; meant \describe ?
checkRd: (-1) get_zone_imeca.Rd:14: Lost braces in \itemize; meant \describe ?
checkRd: (-1) get_zone_imeca.Rd:20: Lost braces in \itemize; meant \describe ?
checkRd: (-1) get_zone_imeca.Rd:21: Lost braces in \itemize; meant \describe ?
checkRd: (-1) get_zone_imeca.Rd:22: Lost braces in \itemize; meant \describe ?
checkRd: (-1) get_zone_imeca.Rd:23: Lost braces in \itemize; meant \describe ?
checkRd: (-1) get_zone_imeca.Rd:24: Lost braces in \itemize; meant \describe ?
checkRd: (-1) get_zone_imeca.Rd:25: Lost braces in \itemize; meant \describe ?
checkRd: (-1) get_zone_imeca.Rd:31: Lost braces in \itemize; meant \describe ?
checkRd: (-1) get_zone_imeca.Rd:32: Lost braces in \itemize; meant \describe ?
checkRd: (-1) get_zone_imeca.Rd:33: Lost braces in \itemize; meant \describe ?
checkRd: (-1) get_zone_imeca.Rd:34: Lost braces in \itemize; meant \describe ?
checkRd: (-1) get_zone_imeca.Rd:35: Lost braces in \itemize; meant \describe ?
checkRd: (-1) get_zone_imeca.Rd:36: Lost braces in \itemize; meant \describe ?
Flavors: r-devel-linux-x86_64-debian-clang, r-devel-linux-x86_64-debian-gcc
Version: 0.8.2
Check: Rd metadata
Result: NOTE
Invalid package aliases in Rd file 'aire.zmvm-deprecated.Rd':
‘aire.zmvm-deprecated-package’
Flavors: r-devel-linux-x86_64-debian-clang, r-devel-linux-x86_64-debian-gcc, r-devel-linux-x86_64-fedora-clang, r-devel-linux-x86_64-fedora-gcc, r-devel-windows-x86_64
Version: 0.8.2
Check: data for non-ASCII characters
Result: NOTE
Note: found 53 marked UTF-8 strings
Flavors: r-devel-linux-x86_64-fedora-clang, r-devel-linux-x86_64-fedora-gcc, r-oldrel-macos-arm64, r-oldrel-macos-x86_64