Last updated on 2023-11-29 18:48:39 CET.
Flavor | Version | Tinstall | Tcheck | Ttotal | Status | Flags |
---|---|---|---|---|---|---|
r-devel-linux-x86_64-debian-clang | 1.2.1 | 2.51 | 38.08 | 40.59 | NOTE | |
r-devel-linux-x86_64-debian-gcc | 1.2.1 | 2.39 | 29.48 | 31.87 | NOTE | |
r-devel-linux-x86_64-fedora-clang | 1.2.1 | 52.11 | NOTE | |||
r-devel-linux-x86_64-fedora-gcc | 1.2.1 | 61.29 | NOTE | |||
r-devel-windows-x86_64 | 1.2.1 | 4.00 | 67.00 | 71.00 | NOTE | |
r-patched-linux-x86_64 | 1.2.1 | 3.30 | 36.68 | 39.98 | NOTE | |
r-release-linux-x86_64 | 1.2.1 | 2.40 | 36.67 | 39.07 | NOTE | |
r-release-macos-arm64 | 1.2.1 | 27.00 | NOTE | |||
r-release-macos-x86_64 | 1.2.1 | 49.00 | NOTE | |||
r-release-windows-x86_64 | 1.2.1 | 5.00 | 70.00 | 75.00 | NOTE | |
r-oldrel-macos-arm64 | 1.2.1 | 18.00 | NOTE | |||
r-oldrel-macos-x86_64 | 1.2.1 | 26.00 | NOTE | |||
r-oldrel-windows-x86_64 | 1.2.1 | 4.00 | 72.00 | 76.00 | NOTE |
Version: 1.2.1
Check: LazyData
Result: NOTE
'LazyData' is specified without a 'data' directory
Flavors: r-devel-linux-x86_64-debian-clang, r-devel-linux-x86_64-debian-gcc, r-devel-linux-x86_64-fedora-clang, r-devel-linux-x86_64-fedora-gcc, r-devel-windows-x86_64, r-patched-linux-x86_64, r-release-linux-x86_64, r-release-macos-arm64, r-release-macos-x86_64, r-release-windows-x86_64, r-oldrel-macos-arm64, r-oldrel-macos-x86_64, r-oldrel-windows-x86_64