CRAN Package Check Results for Package algorithmia

Last updated on 2023-11-29 18:48:39 CET.

Flavor Version Tinstall Tcheck Ttotal Status Flags
r-devel-linux-x86_64-debian-clang 0.3.0 2.95 28.41 31.36 NOTE
r-devel-linux-x86_64-debian-gcc 0.3.0 2.95 22.13 25.08 NOTE
r-devel-linux-x86_64-fedora-clang 0.3.0 41.45 NOTE
r-devel-linux-x86_64-fedora-gcc 0.3.0 50.80 NOTE
r-devel-windows-x86_64 0.3.0 5.00 46.00 51.00 NOTE
r-patched-linux-x86_64 0.3.0 3.01 28.12 31.13 NOTE
r-release-linux-x86_64 0.3.0 3.69 28.28 31.97 NOTE
r-release-macos-arm64 0.3.0 25.00 NOTE
r-release-macos-x86_64 0.3.0 41.00 NOTE
r-release-windows-x86_64 0.3.0 6.00 51.00 57.00 NOTE
r-oldrel-macos-arm64 0.3.0 19.00 NOTE
r-oldrel-macos-x86_64 0.3.0 26.00 NOTE
r-oldrel-windows-x86_64 0.3.0 8.00 47.00 55.00 NOTE

Check Details

Version: 0.3.0
Check: LazyData
Result: NOTE 'LazyData' is specified without a 'data' directory Flavors: r-devel-linux-x86_64-debian-clang, r-devel-linux-x86_64-debian-gcc, r-devel-linux-x86_64-fedora-clang, r-devel-linux-x86_64-fedora-gcc, r-devel-windows-x86_64, r-patched-linux-x86_64, r-release-linux-x86_64, r-release-macos-arm64, r-release-macos-x86_64, r-release-windows-x86_64, r-oldrel-macos-arm64, r-oldrel-macos-x86_64, r-oldrel-windows-x86_64