CRAN Package Check Results for Package alpaca

Last updated on 2024-07-14 20:50:51 CEST.

Flavor Version Tinstall Tcheck Ttotal Status Flags
r-devel-linux-x86_64-debian-clang 0.3.4 61.48 49.89 111.37 NOTE
r-devel-linux-x86_64-debian-gcc 0.3.4 43.80 37.73 81.53 NOTE
r-devel-linux-x86_64-fedora-clang 0.3.4 165.56 NOTE
r-devel-linux-x86_64-fedora-gcc 0.3.4 171.04 NOTE
r-devel-windows-x86_64 0.3.4 51.00 85.00 136.00 NOTE
r-patched-linux-x86_64 0.3.4 45.75 48.66 94.41 NOTE
r-release-linux-x86_64 0.3.4 45.82 47.47 93.29 NOTE
r-release-macos-arm64 0.3.4 42.00 NOTE
r-release-macos-x86_64 0.3.4 54.00 NOTE
r-release-windows-x86_64 0.3.4 50.00 79.00 129.00 NOTE
r-oldrel-macos-arm64 0.3.4 49.00 NOTE
r-oldrel-macos-x86_64 0.3.4 76.00 NOTE
r-oldrel-windows-x86_64 0.3.4 60.00 91.00 151.00 NOTE

Check Details

Version: 0.3.4
Check: C++ specification
Result: NOTE Specified C++11: please drop specification unless essential Flavors: r-devel-linux-x86_64-debian-clang, r-devel-linux-x86_64-debian-gcc, r-devel-linux-x86_64-fedora-clang, r-devel-linux-x86_64-fedora-gcc, r-devel-windows-x86_64, r-patched-linux-x86_64, r-release-linux-x86_64, r-release-macos-arm64, r-release-macos-x86_64, r-release-windows-x86_64, r-oldrel-macos-arm64, r-oldrel-macos-x86_64, r-oldrel-windows-x86_64