Last updated on 2023-11-28 18:49:10 CET.
Flavor | Version | Tinstall | Tcheck | Ttotal | Status | Flags |
---|---|---|---|---|---|---|
r-devel-linux-x86_64-debian-clang | 1.0.0 | 2.70 | 32.46 | 35.16 | NOTE | |
r-devel-linux-x86_64-debian-gcc | 1.0.0 | 2.15 | 24.89 | 27.04 | NOTE | |
r-devel-linux-x86_64-fedora-clang | 1.0.0 | 44.13 | NOTE | |||
r-devel-linux-x86_64-fedora-gcc | 1.0.0 | 52.60 | NOTE | |||
r-devel-windows-x86_64 | 1.0.0 | 3.00 | 49.00 | 52.00 | NOTE | |
r-patched-linux-x86_64 | 1.0.0 | 4.78 | 30.89 | 35.67 | OK | |
r-release-linux-x86_64 | 1.0.0 | 2.30 | 30.89 | 33.19 | OK | |
r-release-macos-arm64 | 1.0.0 | 29.00 | OK | |||
r-release-macos-x86_64 | 1.0.0 | 36.00 | OK | |||
r-release-windows-x86_64 | 1.0.0 | 4.00 | 49.00 | 53.00 | OK | |
r-oldrel-macos-arm64 | 1.0.0 | 20.00 | OK | |||
r-oldrel-macos-x86_64 | 1.0.0 | 26.00 | OK | |||
r-oldrel-windows-x86_64 | 1.0.0 | 5.00 | 51.00 | 56.00 | OK |
Version: 1.0.0
Check: Rd \usage sections
Result: NOTE
Documented arguments not in \usage in Rd file 'gs.Rd':
‘x’ ‘parallel’
Functions with \usage entries need to have the appropriate \alias
entries, and all their arguments documented.
The \usage entries must correspond to syntactically valid R code.
See chapter ‘Writing R documentation files’ in the ‘Writing R
Extensions’ manual.
Flavors: r-devel-linux-x86_64-debian-clang, r-devel-linux-x86_64-debian-gcc, r-devel-linux-x86_64-fedora-clang, r-devel-linux-x86_64-fedora-gcc, r-devel-windows-x86_64