CRAN Package Check Results for Package anyflights

Last updated on 2024-06-12 20:58:48 CEST.

Flavor Version Tinstall Tcheck Ttotal Status Flags
r-devel-linux-x86_64-debian-clang 0.3.4 6.23 45.20 51.43 OK
r-devel-linux-x86_64-debian-gcc 0.3.4 0.36 1.73 2.09 ERROR
r-devel-linux-x86_64-fedora-clang 0.3.4 66.97 OK
r-devel-linux-x86_64-fedora-gcc 0.3.4 61.58 OK
r-devel-windows-x86_64 0.3.4 6.00 54.00 60.00 OK
r-patched-linux-x86_64 0.3.4 6.37 44.96 51.33 OK
r-release-linux-x86_64 0.3.4 4.13 44.82 48.95 OK
r-release-macos-arm64 0.3.4 28.00 OK
r-release-macos-x86_64 0.3.4 36.00 OK
r-release-windows-x86_64 0.3.4 7.00 54.00 61.00 OK
r-oldrel-macos-arm64 0.3.4 33.00 OK
r-oldrel-macos-x86_64 0.3.4 41.00 OK
r-oldrel-windows-x86_64 0.3.4 8.00 63.00 71.00 OK

Check Details

Version: 0.3.4
Check: package dependencies
Result: ERROR Packages required but not available: 'dplyr', 'readr', 'lubridate', 'vroom', 'purrr', 'stringr', 'usethis', 'roxygen2', 'progress' Packages suggested but not available for checking: 'testthat', 'nycflights13' See section ‘The DESCRIPTION file’ in the ‘Writing R Extensions’ manual. Flavor: r-devel-linux-x86_64-debian-gcc