Last updated on 2023-12-05 18:49:16 CET.
Flavor | Version | Tinstall | Tcheck | Ttotal | Status | Flags |
---|---|---|---|---|---|---|
r-devel-linux-x86_64-debian-clang | 0.2 | 3.86 | 76.30 | 80.16 | NOTE | |
r-devel-linux-x86_64-debian-gcc | 0.2 | 3.38 | 56.71 | 60.09 | NOTE | |
r-devel-linux-x86_64-fedora-clang | 0.2 | 103.99 | OK | |||
r-devel-linux-x86_64-fedora-gcc | 0.2 | 103.99 | OK | |||
r-devel-windows-x86_64 | 0.2 | 8.00 | 86.00 | 94.00 | OK | |
r-patched-linux-x86_64 | 0.2 | 6.14 | 73.23 | 79.37 | OK | |
r-release-linux-x86_64 | 0.2 | 3.68 | 72.37 | 76.05 | OK | |
r-release-macos-arm64 | 0.2 | 56.00 | OK | |||
r-release-macos-x86_64 | 0.2 | 110.00 | OK | |||
r-release-windows-x86_64 | 0.2 | 7.00 | 96.00 | 103.00 | OK | |
r-oldrel-macos-arm64 | 0.2 | 49.00 | OK | |||
r-oldrel-macos-x86_64 | 0.2 | 78.00 | OK | |||
r-oldrel-windows-x86_64 | 0.2 | 9.00 | 92.00 | 101.00 | OK |
Version: 0.2
Check: Rd files
Result: NOTE
checkRd: (-1) predict_adjust.Rd:77: Lost braces in \itemize; \value handles \item{}{} directly
checkRd: (-1) predict_adjust.Rd:78: Lost braces in \itemize; \value handles \item{}{} directly
checkRd: (-1) predict_adjust.Rd:79: Lost braces in \itemize; \value handles \item{}{} directly
checkRd: (-1) predict_adjust.Rd:80: Lost braces in \itemize; \value handles \item{}{} directly
checkRd: (-1) print.predict_adjust.Rd:32: Lost braces in \itemize; \value handles \item{}{} directly
checkRd: (-1) print.predict_adjust.Rd:33: Lost braces in \itemize; \value handles \item{}{} directly
checkRd: (-1) print.predict_adjust.Rd:34: Lost braces in \itemize; \value handles \item{}{} directly
checkRd: (-1) print.predict_adjust.Rd:35: Lost braces in \itemize; \value handles \item{}{} directly
Flavors: r-devel-linux-x86_64-debian-clang, r-devel-linux-x86_64-debian-gcc