Last updated on 2023-12-09 18:54:10 CET.
Flavor | Version | Tinstall | Tcheck | Ttotal | Status | Flags |
---|---|---|---|---|---|---|
r-devel-linux-x86_64-debian-clang | 2.3.1 | 22.48 | 212.42 | 234.90 | NOTE | |
r-devel-linux-x86_64-debian-gcc | 2.3.1 | 15.63 | 160.34 | 175.97 | NOTE | |
r-devel-linux-x86_64-fedora-clang | 2.3.1 | 284.40 | NOTE | |||
r-devel-linux-x86_64-fedora-gcc | 2.3.1 | 301.51 | NOTE | |||
r-devel-windows-x86_64 | 2.3.1 | 18.00 | 180.00 | 198.00 | NOTE | |
r-patched-linux-x86_64 | 2.3.1 | 21.08 | 203.66 | 224.74 | NOTE | |
r-release-linux-x86_64 | 2.3.1 | 18.71 | 198.22 | 216.93 | NOTE | |
r-release-macos-arm64 | 2.3.1 | 89.00 | NOTE | |||
r-release-macos-x86_64 | 2.3.1 | 144.00 | NOTE | |||
r-release-windows-x86_64 | 2.3.1 | 23.00 | 220.00 | 243.00 | NOTE | |
r-oldrel-macos-arm64 | 2.3.1 | 77.00 | NOTE | |||
r-oldrel-macos-x86_64 | 2.3.1 | 106.00 | NOTE | |||
r-oldrel-windows-x86_64 | 2.3.1 | 24.00 | 207.00 | 231.00 | NOTE |
Version: 2.3.1
Check: package subdirectories
Result: NOTE
Problems with news in ‘NEWS.md’:
No news entries found.
Flavors: r-devel-linux-x86_64-debian-clang, r-devel-linux-x86_64-debian-gcc, r-devel-linux-x86_64-fedora-clang, r-devel-linux-x86_64-fedora-gcc, r-devel-windows-x86_64, r-patched-linux-x86_64, r-release-linux-x86_64, r-release-macos-arm64, r-release-macos-x86_64, r-release-windows-x86_64
Version: 2.3.1
Check: installed package size
Result: NOTE
installed size is 6.8Mb
sub-directories of 1Mb or more:
extdata 5.4Mb
Flavors: r-devel-linux-x86_64-fedora-clang, r-devel-windows-x86_64, r-release-macos-arm64, r-release-macos-x86_64, r-release-windows-x86_64, r-oldrel-macos-arm64, r-oldrel-macos-x86_64, r-oldrel-windows-x86_64