CRAN Package Check Results for Package archiveRetriever

Last updated on 2024-06-12 20:58:48 CEST.

Flavor Version Tinstall Tcheck Ttotal Status Flags
r-devel-linux-x86_64-debian-clang 0.3.1 9.06 88.34 97.40 OK
r-devel-linux-x86_64-debian-gcc 0.4.0 0.69 1.71 2.40 ERROR
r-devel-linux-x86_64-fedora-clang 0.4.0 127.46 OK
r-devel-linux-x86_64-fedora-gcc 0.4.0 115.49 OK
r-devel-windows-x86_64 0.3.1 8.00 96.00 104.00 OK
r-patched-linux-x86_64 0.3.1 9.15 86.94 96.09 OK
r-release-linux-x86_64 0.3.1 9.45 84.60 94.05 OK
r-release-macos-arm64 0.4.0 56.00 OK
r-release-macos-x86_64 0.4.0 107.00 OK
r-release-windows-x86_64 0.3.1 9.00 94.00 103.00 OK
r-oldrel-macos-arm64 0.4.0 61.00 OK
r-oldrel-macos-x86_64 0.4.0 93.00 OK
r-oldrel-windows-x86_64 0.4.0 11.00 113.00 124.00 OK

Check Details

Version: 0.4.0
Check: package dependencies
Result: ERROR Packages required but not available: 'dplyr', 'ggplot2', 'lubridate', 'rvest', 'stringr', 'tibble', 'tidyr' Package suggested but not available for checking: ‘testthat’ See section ‘The DESCRIPTION file’ in the ‘Writing R Extensions’ manual. Flavor: r-devel-linux-x86_64-debian-gcc