Last updated on 2023-12-01 18:50:49 CET.
Flavor | Version | Tinstall | Tcheck | Ttotal | Status | Flags |
---|---|---|---|---|---|---|
r-devel-linux-x86_64-debian-clang | 0.2.8 | 8.33 | 173.68 | 182.01 | NOTE | |
r-devel-linux-x86_64-debian-gcc | 0.2.8 | 6.92 | 127.38 | 134.30 | NOTE | |
r-devel-linux-x86_64-fedora-clang | 0.2.8 | 230.84 | NOTE | |||
r-devel-linux-x86_64-fedora-gcc | 0.2.8 | 230.56 | NOTE | |||
r-devel-windows-x86_64 | 0.2.8 | 8.00 | 156.00 | 164.00 | NOTE | |
r-patched-linux-x86_64 | 0.2.8 | 7.46 | 163.29 | 170.75 | OK | |
r-release-linux-x86_64 | 0.2.8 | 7.77 | 162.54 | 170.31 | OK | |
r-release-macos-arm64 | 0.2.8 | 79.00 | OK | |||
r-release-macos-x86_64 | 0.2.8 | 186.00 | OK | |||
r-release-windows-x86_64 | 0.2.8 | 12.00 | 202.00 | 214.00 | OK | |
r-oldrel-macos-arm64 | 0.2.8 | 94.00 | OK | |||
r-oldrel-macos-x86_64 | 0.2.8 | 112.00 | OK | |||
r-oldrel-windows-x86_64 | 0.2.8 | 13.00 | 194.00 | 207.00 | OK |
Version: 0.2.8
Check: package namespace information
Result: NOTE
Found export directive that requires package ‘methods’:
‘exportMethods’
Remove all such namespace directives (if obsolete) or ensure that the
DESCRIPTION Depends or Imports field contains ‘methods’.
Flavors: r-devel-linux-x86_64-debian-clang, r-devel-linux-x86_64-debian-gcc, r-devel-linux-x86_64-fedora-clang, r-devel-linux-x86_64-fedora-gcc, r-devel-windows-x86_64