CRAN Package Check Results for Package arena2r

Last updated on 2023-11-30 18:49:22 CET.

Flavor Version Tinstall Tcheck Ttotal Status Flags
r-devel-linux-x86_64-debian-clang 1.0.0 3.08 41.71 44.79 OK
r-devel-linux-x86_64-debian-gcc 1.0.0 2.61 31.59 34.20 OK
r-devel-linux-x86_64-fedora-clang 1.0.0 58.67 NOTE
r-devel-linux-x86_64-fedora-gcc 1.0.0 66.80 NOTE
r-devel-windows-x86_64 1.0.0 5.00 55.00 60.00 OK
r-patched-linux-x86_64 1.0.0 3.54 39.94 43.48 OK
r-release-linux-x86_64 1.0.0 3.17 39.37 42.54 OK
r-release-macos-arm64 1.0.0 29.00 OK
r-release-macos-x86_64 1.0.0 41.00 OK
r-release-windows-x86_64 1.0.0 7.00 61.00 68.00 OK
r-oldrel-macos-arm64 1.0.0 23.00 NOTE
r-oldrel-macos-x86_64 1.0.0 43.00 NOTE
r-oldrel-windows-x86_64 1.0.0 7.00 65.00 72.00 OK

Check Details

Version: 1.0.0
Check: dependencies in R code
Result: NOTE Namespaces in Imports field not imported from: ‘purrr’ ‘shinyBS’ ‘shinydashboard’ ‘shinyjs’ All declared Imports should be used. Flavors: r-devel-linux-x86_64-fedora-clang, r-devel-linux-x86_64-fedora-gcc, r-oldrel-macos-arm64, r-oldrel-macos-x86_64