CRAN Package Check Results for Package argoFloats

Last updated on 2024-04-18 20:55:26 CEST.

Flavor Version Tinstall Tcheck Ttotal Status Flags
r-devel-linux-x86_64-debian-clang 1.0.7 73.45 139.79 213.24 OK
r-devel-linux-x86_64-debian-gcc 1.0.7 53.16 106.19 159.35 OK
r-devel-linux-x86_64-fedora-clang 1.0.7 279.88 OK
r-devel-linux-x86_64-fedora-gcc 1.0.7 282.75 OK
r-prerel-macos-arm64 1.0.7 92.00 ERROR
r-prerel-windows-x86_64 1.0.7 57.00 125.00 182.00 OK
r-patched-linux-x86_64 1.0.7 76.73 132.12 208.85 OK
r-release-linux-x86_64 1.0.7 64.69 131.11 195.80 OK
r-release-macos-arm64 1.0.7 116.00 OK
r-release-macos-x86_64 1.0.7 233.00 OK
r-release-windows-x86_64 1.0.7 79.00 152.00 231.00 OK
r-oldrel-macos-arm64 1.0.7 92.00 OK
r-oldrel-windows-x86_64 1.0.7 78.00 150.00 228.00 OK

Check Details

Version: 1.0.7
Check: tests
Result: ERROR Running ‘testthat.R’ [5s/23s] Running the tests in ‘tests/testthat.R’ failed. Last 13 lines of output: Backtrace: ▆ 1. ├─testthat::expect_silent(...) at test_download.R:10:15 2. │ └─testthat:::quasi_capture(enquo(object), NULL, evaluate_promise) 3. │ ├─testthat (local) .capture(...) 4. │ │ ├─withr::with_output_sink(...) 5. │ │ │ └─base::force(code) 6. │ │ ├─base::withCallingHandlers(...) 7. │ │ └─base::withVisible(code) 8. │ └─rlang::eval_bare(quo_get_expr(.quo), quo_get_env(.quo)) 9. └─argoFloats::getIndex(...) [ FAIL 1 | WARN 0 | SKIP 3 | PASS 184 ] Error: Test failures Execution halted Flavor: r-prerel-macos-arm64