CRAN Package Check Results for Package ash

Last updated on 2024-02-24 18:54:43 CET.

Flavor Version Tinstall Tcheck Ttotal Status Flags
r-devel-linux-x86_64-debian-clang 1.0-15 3.02 20.95 23.97 OK
r-devel-linux-x86_64-debian-gcc 1.0-15 2.48 16.69 19.17 OK
r-devel-linux-x86_64-fedora-clang 1.0-15 30.10 NOTE
r-devel-linux-x86_64-fedora-gcc 1.0-15 28.84 NOTE
r-devel-windows-x86_64 1.0-15 6.00 37.00 43.00 OK
r-patched-linux-x86_64 1.0-15 3.12 20.86 23.98 OK
r-release-linux-x86_64 1.0-15 2.69 20.80 23.49 OK
r-release-macos-arm64 1.0-15 19.00 OK
r-release-macos-x86_64 1.0-15 19.00 OK
r-release-windows-x86_64 1.0-15 7.00 37.00 44.00 OK
r-oldrel-macos-arm64 1.0-15 15.00 OK
r-oldrel-windows-x86_64 1.0-15 7.00 43.00 50.00 OK

Check Details

Version: 1.0-15
Check: compiled code
Result: NOTE File ‘ash/libs/ash.so’: Found no calls to: ‘R_registerRoutines’, ‘R_useDynamicSymbols’ It is good practice to register native routines and to disable symbol search. See ‘Writing portable packages’ in the ‘Writing R Extensions’ manual. Flavors: r-devel-linux-x86_64-fedora-clang, r-devel-linux-x86_64-fedora-gcc