Last updated on 2023-11-30 18:49:23 CET.
Flavor | Version | Tinstall | Tcheck | Ttotal | Status | Flags |
---|---|---|---|---|---|---|
r-devel-linux-x86_64-debian-clang | 1.0.0 | 351.21 | 156.40 | 507.61 | OK | |
r-devel-linux-x86_64-debian-gcc | 1.0.0 | 196.79 | 113.84 | 310.63 | OK | |
r-devel-linux-x86_64-fedora-clang | 1.0.0 | 730.31 | OK | |||
r-devel-linux-x86_64-fedora-gcc | 1.0.0 | 717.85 | OK | |||
r-devel-windows-x86_64 | 1.0.0 | 233.00 | 139.00 | 372.00 | OK | |
r-patched-linux-x86_64 | 1.0.0 | 250.80 | 139.87 | 390.67 | OK | |
r-release-linux-x86_64 | 1.0.0 | 222.63 | 139.34 | 361.97 | OK | |
r-release-macos-arm64 | 1.0.0 | 96.00 | NOTE | |||
r-release-macos-x86_64 | 1.0.0 | 170.00 | NOTE | |||
r-release-windows-x86_64 | 1.0.0 | 298.00 | 178.00 | 476.00 | OK | |
r-oldrel-macos-arm64 | 1.0.0 | 91.00 | NOTE | |||
r-oldrel-macos-x86_64 | 1.0.0 | 188.00 | NOTE | |||
r-oldrel-windows-x86_64 | 1.0.0 | 278.00 | 168.00 | 446.00 | OK |
Version: 1.0.0
Check: installed package size
Result: NOTE
installed size is 11.3Mb
sub-directories of 1Mb or more:
data 1.1Mb
libs 9.0Mb
Flavors: r-release-macos-arm64, r-release-macos-x86_64, r-oldrel-macos-arm64, r-oldrel-macos-x86_64