CRAN Package Check Results for Package attempt

Last updated on 2024-03-02 18:53:54 CET.

Flavor Version Tinstall Tcheck Ttotal Status Flags
r-devel-linux-x86_64-debian-clang 0.3.1 2.81 43.55 46.36 NOTE
r-devel-linux-x86_64-debian-gcc 0.3.1 2.04 33.84 35.88 NOTE
r-devel-linux-x86_64-fedora-clang 0.3.1 58.65 NOTE
r-devel-linux-x86_64-fedora-gcc 0.3.1 65.98 NOTE
r-devel-windows-x86_64 0.3.1 4.00 59.00 63.00 NOTE
r-patched-linux-x86_64 0.3.1 2.49 43.70 46.19 NOTE
r-release-linux-x86_64 0.3.1 2.47 42.36 44.83 NOTE
r-release-macos-arm64 0.3.1 33.00 NOTE
r-release-macos-x86_64 0.3.1 45.00 NOTE
r-release-windows-x86_64 0.3.1 4.00 64.00 68.00 NOTE
r-oldrel-macos-arm64 0.3.1 30.00 NOTE
r-oldrel-windows-x86_64 0.3.1 5.00 62.00 67.00 NOTE

Check Details

Version: 0.3.1
Check: LazyData
Result: NOTE 'LazyData' is specified without a 'data' directory Flavors: r-devel-linux-x86_64-debian-clang, r-devel-linux-x86_64-debian-gcc, r-devel-linux-x86_64-fedora-clang, r-devel-linux-x86_64-fedora-gcc, r-devel-windows-x86_64, r-patched-linux-x86_64, r-release-linux-x86_64, r-release-macos-arm64, r-release-macos-x86_64, r-release-windows-x86_64, r-oldrel-macos-arm64, r-oldrel-windows-x86_64