CRAN Package Check Results for Package autoScorecard

Last updated on 2024-04-12 20:51:16 CEST.

Flavor Version Tinstall Tcheck Ttotal Status Flags
r-devel-linux-x86_64-debian-clang 0.3.0 4.21 193.26 197.47 NOTE
r-devel-linux-x86_64-debian-gcc 0.3.0 3.49 135.83 139.32 NOTE
r-devel-linux-x86_64-fedora-clang 0.3.0 211.48 NOTE
r-devel-linux-x86_64-fedora-gcc 0.3.0 242.46 NOTE
r-devel-windows-x86_64 0.3.0 6.00 175.00 181.00 NOTE
r-patched-linux-x86_64 0.3.0 3.84 181.44 185.28 NOTE
r-release-linux-x86_64 0.3.0 4.10 162.74 166.84 OK
r-release-macos-arm64 0.3.0 63.00 OK
r-release-macos-x86_64 0.3.0 160.00 OK
r-release-windows-x86_64 0.3.0 6.00 186.00 192.00 OK
r-oldrel-macos-arm64 0.3.0 76.00 OK
r-oldrel-windows-x86_64 0.3.0 7.00 193.00 200.00 OK

Check Details

Version: 0.3.0
Check: Rd files
Result: NOTE checkRd: (-1) noauto_scorecard.Rd:20: Lost braces; missing escapes or markup? 20 | \item{fit}{See glm {stats}.} | ^ checkRd: (-1) noauto_scorecard2.Rd:21: Lost braces; missing escapes or markup? 21 | \item{fit}{See glm {stats}.} | ^ Flavors: r-devel-linux-x86_64-debian-clang, r-devel-linux-x86_64-debian-gcc, r-devel-linux-x86_64-fedora-clang, r-devel-linux-x86_64-fedora-gcc, r-devel-windows-x86_64, r-patched-linux-x86_64