CRAN Package Check Results for Package automagic

Last updated on 2024-06-19 21:49:56 CEST.

Flavor Version Tinstall Tcheck Ttotal Status Flags
r-devel-linux-x86_64-debian-clang 0.5.1 2.24 25.08 27.32 NOTE
r-devel-linux-x86_64-debian-gcc 0.5.1 1.81 19.03 20.84 NOTE
r-devel-linux-x86_64-fedora-clang 0.5.1 35.93 NOTE
r-devel-linux-x86_64-fedora-gcc 0.5.1 32.78 NOTE
r-devel-windows-x86_64 0.5.1 3.00 42.00 45.00 NOTE
r-patched-linux-x86_64 0.5.1 2.17 23.32 25.49 NOTE
r-release-linux-x86_64 0.5.1 2.16 24.64 26.80 NOTE
r-release-macos-arm64 0.5.1 15.00 NOTE
r-release-macos-x86_64 0.5.1 21.00 NOTE
r-release-windows-x86_64 0.5.1 4.00 43.00 47.00 NOTE
r-oldrel-macos-arm64 0.5.1 15.00 NOTE
r-oldrel-macos-x86_64 0.5.1 20.00 NOTE
r-oldrel-windows-x86_64 0.5.1 4.00 45.00 49.00 NOTE

Check Details

Version: 0.5.1
Check: LazyData
Result: NOTE 'LazyData' is specified without a 'data' directory Flavors: r-devel-linux-x86_64-debian-clang, r-devel-linux-x86_64-debian-gcc, r-devel-linux-x86_64-fedora-clang, r-devel-linux-x86_64-fedora-gcc, r-devel-windows-x86_64, r-patched-linux-x86_64, r-release-linux-x86_64, r-release-macos-arm64, r-release-macos-x86_64, r-release-windows-x86_64, r-oldrel-macos-arm64, r-oldrel-macos-x86_64, r-oldrel-windows-x86_64