Last updated on 2023-11-30 18:49:23 CET.
Flavor | Version | Tinstall | Tcheck | Ttotal | Status | Flags |
---|---|---|---|---|---|---|
r-devel-linux-x86_64-debian-clang | 1.0.6 | 9.79 | 134.09 | 143.88 | OK | |
r-devel-linux-x86_64-debian-gcc | 1.0.6 | 8.81 | 98.32 | 107.13 | OK | |
r-devel-linux-x86_64-fedora-clang | 1.0.6 | 187.57 | NOTE | |||
r-devel-linux-x86_64-fedora-gcc | 1.0.6 | 200.05 | OK | |||
r-devel-windows-x86_64 | 1.0.6 | 9.00 | 124.00 | 133.00 | OK | |
r-patched-linux-x86_64 | 1.0.6 | 15.98 | 126.67 | 142.65 | OK | |
r-release-linux-x86_64 | 1.0.6 | 6.68 | 127.27 | 133.95 | OK | |
r-release-macos-arm64 | 1.0.6 | 76.00 | OK | |||
r-release-macos-x86_64 | 1.0.6 | 118.00 | OK | |||
r-release-windows-x86_64 | 1.0.6 | 13.00 | 144.00 | 157.00 | OK | |
r-oldrel-macos-arm64 | 1.0.6 | 71.00 | OK | |||
r-oldrel-macos-x86_64 | 1.0.6 | 772.00 | OK | |||
r-oldrel-windows-x86_64 | 1.0.6 | 12.00 | 141.00 | 153.00 | OK |
Version: 1.0.6
Check: Rd cross-references
Result: NOTE
Undeclared package ‘Rraven’ in Rd xrefs
Flavor: r-devel-linux-x86_64-fedora-clang