Last updated on 2023-12-10 18:52:04 CET.
Flavor | Version | Tinstall | Tcheck | Ttotal | Status | Flags |
---|---|---|---|---|---|---|
r-devel-linux-x86_64-debian-clang | 11.8.8 | 26.80 | 267.75 | 294.55 | NOTE | |
r-devel-linux-x86_64-debian-gcc | 11.8.8 | 16.93 | 193.75 | 210.68 | NOTE | |
r-devel-linux-x86_64-fedora-clang | 11.8.8 | 362.82 | NOTE | |||
r-devel-linux-x86_64-fedora-gcc | 11.8.8 | 370.04 | NOTE | |||
r-devel-windows-x86_64 | 11.8.8 | 23.00 | 193.00 | 216.00 | OK | |
r-patched-linux-x86_64 | 11.8.8 | 19.01 | 255.14 | 274.15 | OK | |
r-release-linux-x86_64 | 11.8.8 | 17.17 | 250.18 | 267.35 | OK | |
r-release-macos-arm64 | 11.8.8 | 101.00 | OK | |||
r-release-macos-x86_64 | 11.8.8 | 164.00 | OK | |||
r-release-windows-x86_64 | 11.8.8 | 29.00 | 251.00 | 280.00 | OK | |
r-oldrel-macos-arm64 | 11.8.8 | 89.00 | NOTE | |||
r-oldrel-macos-x86_64 | 11.8.8 | 126.00 | NOTE | |||
r-oldrel-windows-x86_64 | 11.8.8 | 30.00 | 236.00 | 266.00 | OK |
Version: 11.8.8
Check: Rd files
Result: NOTE
checkRd: (-1) envToTibble.Rd:79: Lost braces in \itemize; meant \describe ?
checkRd: (-1) envToTibble.Rd:80: Lost braces in \itemize; meant \describe ?
checkRd: (-1) envToTibble.Rd:81: Lost braces in \itemize; meant \describe ?
checkRd: (-1) envToTibble.Rd:82: Lost braces in \itemize; meant \describe ?
checkRd: (-1) envToTibble.Rd:83: Lost braces in \itemize; meant \describe ?
checkRd: (-1) envToTibble.Rd:84: Lost braces in \itemize; meant \describe ?
checkRd: (-1) envToTibble.Rd:85: Lost braces in \itemize; meant \describe ?
checkRd: (-1) envToTibble.Rd:86: Lost braces in \itemize; meant \describe ?
checkRd: (-1) fitExponential.Rd:22: Lost braces; missing escapes or markup?
22 | Fit the model $y = a e^{bx}$ to the provided data.
| ^
checkRd: (-1) getDailyMaxResults.Rd:77: Lost braces in \itemize; meant \describe ?
checkRd: (-1) getDailyMaxResults.Rd:78: Lost braces in \itemize; meant \describe ?
checkRd: (-1) getDailyMaxResults.Rd:79: Lost braces in \itemize; meant \describe ?
checkRd: (-1) getDailyMaxResults.Rd:80: Lost braces in \itemize; meant \describe ?
checkRd: (-1) getDailyMaxResults.Rd:81: Lost braces in \itemize; meant \describe ?
checkRd: (-1) getDailyMaxResults.Rd:82: Lost braces in \itemize; meant \describe ?
checkRd: (-1) getDailyMaxResults.Rd:83: Lost braces in \itemize; meant \describe ?
checkRd: (-1) getDailyMaxResults.Rd:84: Lost braces in \itemize; meant \describe ?
checkRd: (-1) ggVisualizeIcu.Rd:27: Lost braces
27 | |code{05315} fuer Koeln oder \code{05911} fuer Bochum.}
| ^
checkRd: (-1) postprocessEnvs.Rd:41: Lost braces in \itemize; meant \describe ?
checkRd: (-1) postprocessEnvs.Rd:42: Lost braces in \itemize; meant \describe ?
checkRd: (-1) postprocessEnvs.Rd:43: Lost braces in \itemize; meant \describe ?
checkRd: (-1) postprocessEnvs.Rd:44: Lost braces in \itemize; meant \describe ?
checkRd: (-1) postprocessEnvs.Rd:45: Lost braces in \itemize; meant \describe ?
checkRd: (-1) postprocessEnvs.Rd:46: Lost braces in \itemize; meant \describe ?
checkRd: (-1) postprocessEnvs.Rd:47: Lost braces in \itemize; meant \describe ?
checkRd: (-1) postprocessEnvs.Rd:48: Lost braces in \itemize; meant \describe ?
checkRd: (-1) visualizeIcu.Rd:27: Lost braces
27 | |code{05315} fuer Koeln oder \code{05911} fuer Bochum.}
| ^
Flavors: r-devel-linux-x86_64-debian-clang, r-devel-linux-x86_64-debian-gcc
Version: 11.8.8
Check: data for non-ASCII characters
Result: NOTE
Note: found 64209 marked UTF-8 strings
Flavors: r-devel-linux-x86_64-fedora-clang, r-devel-linux-x86_64-fedora-gcc, r-oldrel-macos-arm64, r-oldrel-macos-x86_64