Last updated on 2023-12-05 18:49:17 CET.
Flavor | Version | Tinstall | Tcheck | Ttotal | Status | Flags |
---|---|---|---|---|---|---|
r-devel-linux-x86_64-debian-clang | 0.7.6 | 792.01 | 344.89 | 1136.90 | NOTE | |
r-devel-linux-x86_64-debian-gcc | 0.7.6 | 638.15 | 299.05 | 937.20 | NOTE | |
r-devel-linux-x86_64-fedora-clang | 0.7.6 | 1412.36 | NOTE | |||
r-devel-linux-x86_64-fedora-gcc | 0.7.6 | 1747.38 | NOTE | |||
r-devel-windows-x86_64 | 0.7.6 | 561.00 | 327.00 | 888.00 | NOTE | |
r-patched-linux-x86_64 | 0.7.6 | 0.03 | 2.53 | 2.56 | ERROR | |
r-release-linux-x86_64 | 0.7.6 | 0.02 | 2.88 | 2.90 | ERROR | |
r-release-macos-arm64 | 0.7.6 | 382.00 | NOTE | |||
r-release-macos-x86_64 | 0.7.6 | 597.00 | NOTE | |||
r-release-windows-x86_64 | 0.7.6 | 701.00 | 418.00 | 1119.00 | NOTE | |
r-oldrel-macos-arm64 | 0.7.6 | 230.00 | NOTE | |||
r-oldrel-macos-x86_64 | 0.7.6 | 435.00 | NOTE | |||
r-oldrel-windows-x86_64 | 0.7.6 | 698.00 | 390.00 | 1088.00 | NOTE |
Version: 0.7.6
Check: for GNU extensions in Makefiles
Result: NOTE
GNU make is a SystemRequirements.
Flavors: r-devel-linux-x86_64-debian-clang, r-devel-linux-x86_64-debian-gcc, r-devel-linux-x86_64-fedora-clang, r-devel-linux-x86_64-fedora-gcc, r-devel-windows-x86_64, r-release-macos-arm64, r-release-macos-x86_64, r-release-windows-x86_64, r-oldrel-macos-arm64, r-oldrel-macos-x86_64, r-oldrel-windows-x86_64
Version: 0.7.6
Check: installed package size
Result: NOTE
installed size is 8.6Mb
sub-directories of 1Mb or more:
libs 6.8Mb
Flavors: r-devel-linux-x86_64-fedora-clang, r-devel-windows-x86_64, r-release-macos-arm64, r-release-macos-x86_64, r-release-windows-x86_64, r-oldrel-macos-arm64, r-oldrel-macos-x86_64, r-oldrel-windows-x86_64
Version: 0.7.6
Check: whether package can be installed
Result: ERROR
Installation failed.
Flavors: r-patched-linux-x86_64, r-release-linux-x86_64