Last updated on 2023-12-04 18:52:08 CET.
Flavor | Version | Tinstall | Tcheck | Ttotal | Status | Flags |
---|---|---|---|---|---|---|
r-devel-linux-x86_64-debian-clang | 0.2.0 | 2.35 | 29.60 | 31.95 | OK | |
r-devel-linux-x86_64-debian-gcc | 0.2.0 | 1.76 | 23.03 | 24.79 | OK | |
r-devel-linux-x86_64-fedora-clang | 0.2.0 | 43.32 | NOTE | |||
r-devel-linux-x86_64-fedora-gcc | 0.2.0 | 38.27 | NOTE | |||
r-devel-windows-x86_64 | 0.2.0 | 3.00 | 48.00 | 51.00 | OK | |
r-patched-linux-x86_64 | 0.2.0 | 2.36 | 29.17 | 31.53 | OK | |
r-release-linux-x86_64 | 0.2.0 | 2.15 | 29.93 | 32.08 | OK | |
r-release-macos-arm64 | 0.2.0 | 21.00 | OK | |||
r-release-macos-x86_64 | 0.2.0 | 27.00 | OK | |||
r-release-windows-x86_64 | 0.2.0 | 4.00 | 48.00 | 52.00 | OK | |
r-oldrel-macos-arm64 | 0.2.0 | 18.00 | OK | |||
r-oldrel-macos-x86_64 | 0.2.0 | 25.00 | NOTE | |||
r-oldrel-windows-x86_64 | 0.2.0 | 4.00 | 52.00 | 56.00 | OK |
Version: 0.2.0
Check: data for non-ASCII characters
Result: NOTE
Note: found 260 marked UTF-8 strings
Flavors: r-devel-linux-x86_64-fedora-clang, r-devel-linux-x86_64-fedora-gcc, r-oldrel-macos-x86_64