CRAN Package Check Results for Package bartCause

Last updated on 2024-02-24 18:54:43 CET.

Flavor Version Tinstall Tcheck Ttotal Status Flags
r-devel-linux-x86_64-debian-clang 1.0-6 6.75 80.68 87.43 NOTE
r-devel-linux-x86_64-debian-gcc 1.0-6 4.51 60.69 65.20 NOTE
r-devel-linux-x86_64-fedora-clang 1.0-6 107.43 NOTE
r-devel-linux-x86_64-fedora-gcc 1.0-6 103.79 NOTE
r-devel-windows-x86_64 1.0-6 6.00 72.00 78.00 OK
r-patched-linux-x86_64 1.0-6 8.66 79.73 88.39 OK
r-release-linux-x86_64 1.0-6 6.18 79.33 85.51 OK
r-release-macos-arm64 1.0-6 37.00 OK
r-release-macos-x86_64 1.0-6 53.00 OK
r-release-windows-x86_64 1.0-6 9.00 86.00 95.00 OK
r-oldrel-macos-arm64 1.0-6 36.00 OK
r-oldrel-windows-x86_64 1.0-6 9.00 90.00 99.00 OK

Check Details

Version: 1.0-6
Check: Rd files
Result: NOTE checkRd: (-1) plot.Rd:61: Lost braces 61 | Argument to code{\link{hist}}. | ^ checkRd: (-1) plot.Rd:126-128: Lost braces in \itemize; meant \describe ? checkRd: (-1) plot.Rd:129: Lost braces in \itemize; meant \describe ? checkRd: (-1) plot.Rd:130: Lost braces in \itemize; meant \describe ? checkRd: (-1) plot.Rd:131: Lost braces in \itemize; meant \describe ? checkRd: (-1) plot.Rd:132: Lost braces in \itemize; meant \describe ? checkRd: (-1) plot.Rd:133: Lost braces in \itemize; meant \describe ? checkRd: (-1) plot.Rd:134: Lost braces in \itemize; meant \describe ? checkRd: (-1) plot.Rd:135: Lost braces in \itemize; meant \describe ? checkRd: (-1) plot.Rd:136-137: Lost braces in \itemize; meant \describe ? checkRd: (-1) plot.Rd:138: Lost braces in \itemize; meant \describe ? checkRd: (-1) plot.Rd:139: Lost braces in \itemize; meant \describe ? Flavors: r-devel-linux-x86_64-debian-clang, r-devel-linux-x86_64-debian-gcc, r-devel-linux-x86_64-fedora-clang, r-devel-linux-x86_64-fedora-gcc