CRAN Package Check Results for Package base64enc

Last updated on 2023-09-30 19:55:41 CEST.

Flavor Version Tinstall Tcheck Ttotal Status Flags
r-devel-linux-x86_64-debian-clang 0.1-3 3.15 19.63 22.78 OK
r-devel-linux-x86_64-debian-gcc 0.1-3 1.86 16.04 17.90 OK
r-devel-linux-x86_64-fedora-clang 0.1-3 29.16 NOTE
r-devel-linux-x86_64-fedora-gcc 0.1-3 29.91 NOTE
r-devel-windows-x86_64 0.1-3 7.00 39.00 46.00 OK
r-patched-linux-x86_64 0.1-3 2.79 20.00 22.79 OK
r-release-linux-x86_64 0.1-3 2.81 19.81 22.62 OK
r-release-macos-arm64 0.1-3 16.00 OK
r-release-macos-x86_64 0.1-3 21.00 OK
r-release-windows-x86_64 0.1-3 6.00 44.00 50.00 OK
r-oldrel-macos-arm64 0.1-3 15.00 OK
r-oldrel-macos-x86_64 0.1-3 23.00 OK
r-oldrel-windows-x86_64 0.1-3 9.00 46.00 55.00 OK

Check Details

Version: 0.1-3
Check: compiled code
Result: NOTE
    File ‘base64enc/libs/base64enc.so’:
     Found no calls to: ‘R_registerRoutines’, ‘R_useDynamicSymbols’
    
    It is good practice to register native routines and to disable symbol
    search.
    
    See ‘Writing portable packages’ in the ‘Writing R Extensions’ manual.
Flavors: r-devel-linux-x86_64-fedora-clang, r-devel-linux-x86_64-fedora-gcc