Last updated on 2023-12-10 18:52:05 CET.
Flavor | Version | Tinstall | Tcheck | Ttotal | Status | Flags |
---|---|---|---|---|---|---|
r-devel-linux-x86_64-debian-clang | 1.1.3 | 24.73 | 92.51 | 117.24 | NOTE | |
r-devel-linux-x86_64-debian-gcc | 1.1.3 | 16.21 | 69.71 | 85.92 | NOTE | |
r-devel-linux-x86_64-fedora-clang | 1.1.3 | 157.44 | OK | |||
r-devel-linux-x86_64-fedora-gcc | 1.1.3 | 103.90 | OK | |||
r-devel-windows-x86_64 | 1.1.3 | 20.00 | 110.00 | 130.00 | OK | |
r-patched-linux-x86_64 | 1.1.3 | 19.28 | 89.49 | 108.77 | OK | |
r-release-linux-x86_64 | 1.1.3 | 16.85 | 89.78 | 106.63 | OK | |
r-release-macos-arm64 | 1.1.3 | 55.00 | OK | |||
r-release-macos-x86_64 | 1.1.3 | 84.00 | OK | |||
r-release-windows-x86_64 | 1.1.3 | 25.00 | 132.00 | 157.00 | OK | |
r-oldrel-macos-arm64 | 1.1.3 | 51.00 | OK | |||
r-oldrel-macos-x86_64 | 1.1.3 | 66.00 | OK | |||
r-oldrel-windows-x86_64 | 1.1.3 | 24.00 | 129.00 | 153.00 | OK |
Version: 1.1.3
Check: Rd files
Result: NOTE
checkRd: (-1) plotDistributions.Rd:32: Lost braces
32 | plot{...} functions are generated programmatically so the function calls in
| ^
Flavors: r-devel-linux-x86_64-debian-clang, r-devel-linux-x86_64-debian-gcc