CRAN Package Check Results for Package bayesianVARs

Last updated on 2024-07-14 20:50:52 CEST.

Flavor Version Tinstall Tcheck Ttotal Status Flags
r-devel-linux-x86_64-debian-clang 0.1.3 111.35 227.87 339.22 OK
r-devel-linux-x86_64-debian-gcc 0.1.3 81.89 137.80 219.69 OK
r-devel-linux-x86_64-fedora-clang 0.1.3 464.70 OK
r-devel-linux-x86_64-fedora-gcc 0.1.3 447.16 OK
r-devel-windows-x86_64 0.1.3 82.00 237.00 319.00 OK
r-patched-linux-x86_64 0.1.3 100.44 187.09 287.53 OK
r-release-linux-x86_64 0.1.3 98.92 190.28 289.20 OK
r-release-macos-arm64 0.1.3 124.00 NOTE
r-release-macos-x86_64 0.1.3 249.00 NOTE
r-release-windows-x86_64 0.1.3 85.00 234.00 319.00 OK
r-oldrel-macos-arm64 0.1.3 161.00 NOTE
r-oldrel-macos-x86_64 0.1.3 242.00 NOTE
r-oldrel-windows-x86_64 0.1.3 107.00 263.00 370.00 OK

Check Details

Version: 0.1.3
Check: installed package size
Result: NOTE installed size is 7.1Mb sub-directories of 1Mb or more: libs 6.5Mb Flavors: r-release-macos-arm64, r-release-macos-x86_64, r-oldrel-macos-arm64, r-oldrel-macos-x86_64