Last updated on 2023-11-27 18:50:53 CET.
Flavor | Version | Tinstall | Tcheck | Ttotal | Status | Flags |
---|---|---|---|---|---|---|
r-devel-linux-x86_64-debian-clang | 3.3 | 17.63 | 171.90 | 189.53 | NOTE | |
r-devel-linux-x86_64-debian-gcc | 3.3 | 13.31 | 133.84 | 147.15 | NOTE | |
r-devel-linux-x86_64-fedora-clang | 3.3 | 259.91 | OK | |||
r-devel-linux-x86_64-fedora-gcc | 3.3 | 240.79 | OK | |||
r-devel-windows-x86_64 | 3.3 | 15.00 | 140.00 | 155.00 | OK | |
r-patched-linux-x86_64 | 3.3 | 19.48 | 164.95 | 184.43 | OK | |
r-release-linux-x86_64 | 3.3 | 15.99 | 163.77 | 179.76 | OK | |
r-release-macos-arm64 | 3.3 | 64.00 | OK | |||
r-release-macos-x86_64 | 3.3 | 179.00 | OK | |||
r-release-windows-x86_64 | 3.3 | 22.00 | 174.00 | 196.00 | OK | |
r-oldrel-macos-arm64 | 3.3 | 58.00 | OK | |||
r-oldrel-macos-x86_64 | 3.3 | 89.00 | OK | |||
r-oldrel-windows-x86_64 | 3.3 | 23.00 | 180.00 | 203.00 | OK |
Version: 3.3
Check: Rd files
Result: NOTE
checkRd: (-1) bmr.Rd:172: Lost braces
172 | code{\link[stats]{formula}} interface instead, a regressor matrix may
| ^
Flavors: r-devel-linux-x86_64-debian-clang, r-devel-linux-x86_64-debian-gcc