Last updated on 2023-12-05 18:49:17 CET.
Flavor | Version | Tinstall | Tcheck | Ttotal | Status | Flags |
---|---|---|---|---|---|---|
r-devel-linux-x86_64-debian-clang | 0.0.2 | 29.05 | 321.14 | 350.19 | NOTE | |
r-devel-linux-x86_64-debian-gcc | 0.0.2 | 20.98 | 235.51 | 256.49 | NOTE | |
r-devel-linux-x86_64-fedora-clang | 0.0.2 | 487.98 | NOTE | |||
r-devel-linux-x86_64-fedora-gcc | 0.0.2 | 447.20 | NOTE | |||
r-devel-windows-x86_64 | 0.0.2 | 30.00 | 231.00 | 261.00 | NOTE | |
r-patched-linux-x86_64 | 0.0.2 | 28.35 | 312.29 | 340.64 | NOTE | |
r-release-linux-x86_64 | 0.0.2 | 33.77 | 309.34 | 343.11 | NOTE | |
r-release-macos-arm64 | 0.0.2 | 110.00 | NOTE | |||
r-release-macos-x86_64 | 0.0.2 | 183.00 | NOTE | |||
r-release-windows-x86_64 | 0.0.2 | 31.00 | 294.00 | 325.00 | NOTE | |
r-oldrel-macos-arm64 | 0.0.2 | 91.00 | NOTE | |||
r-oldrel-macos-x86_64 | 0.0.2 | 158.00 | NOTE | |||
r-oldrel-windows-x86_64 | 0.0.2 | 33.00 | 293.00 | 326.00 | OK |
Version: 0.0.2
Check: package subdirectories
Result: NOTE
Problems with news in ‘NEWS.md’:
No news entries found.
Flavors: r-devel-linux-x86_64-debian-clang, r-devel-linux-x86_64-debian-gcc, r-devel-linux-x86_64-fedora-clang, r-devel-linux-x86_64-fedora-gcc, r-devel-windows-x86_64, r-patched-linux-x86_64, r-release-linux-x86_64, r-release-macos-arm64, r-release-macos-x86_64, r-release-windows-x86_64
Version: 0.0.2
Check: Rd files
Result: NOTE
checkRd: (-1) pulse_of_the_nation.Rd:10: Escaped LaTeX specials: \$
Flavors: r-devel-linux-x86_64-debian-clang, r-devel-linux-x86_64-debian-gcc, r-devel-linux-x86_64-fedora-clang, r-devel-linux-x86_64-fedora-gcc, r-devel-windows-x86_64, r-patched-linux-x86_64, r-release-linux-x86_64, r-release-macos-arm64, r-release-macos-x86_64, r-release-windows-x86_64
Version: 0.0.2
Check: data for non-ASCII characters
Result: NOTE
Note: found 1924 marked UTF-8 strings
Flavors: r-devel-linux-x86_64-fedora-clang, r-devel-linux-x86_64-fedora-gcc, r-oldrel-macos-arm64, r-oldrel-macos-x86_64