Last updated on 2023-12-10 18:52:05 CET.
Flavor | Version | Tinstall | Tcheck | Ttotal | Status | Flags |
---|---|---|---|---|---|---|
r-devel-linux-x86_64-debian-clang | 0.5.4 | 9.54 | 64.49 | 74.03 | OK | |
r-devel-linux-x86_64-debian-gcc | 0.5.4 | 7.30 | 47.87 | 55.17 | OK | |
r-devel-linux-x86_64-fedora-clang | 0.5.4 | 90.47 | NOTE | |||
r-devel-linux-x86_64-fedora-gcc | 0.5.4 | 84.91 | NOTE | |||
r-devel-windows-x86_64 | 0.5.4 | 9.00 | 64.00 | 73.00 | NOTE | |
r-patched-linux-x86_64 | 0.5.4 | 8.47 | 60.96 | 69.43 | OK | |
r-release-linux-x86_64 | 0.5.4 | 9.41 | 62.01 | 71.42 | OK | |
r-release-macos-arm64 | 0.5.4 | 30.00 | NOTE | |||
r-release-macos-x86_64 | 0.5.4 | 42.00 | NOTE | |||
r-release-windows-x86_64 | 0.5.4 | 12.00 | 75.00 | 87.00 | NOTE | |
r-oldrel-macos-arm64 | 0.5.4 | 28.00 | NOTE | |||
r-oldrel-macos-x86_64 | 0.5.4 | 55.00 | NOTE | |||
r-oldrel-windows-x86_64 | 0.5.4 | 12.00 | 74.00 | 86.00 | NOTE |
Version: 0.5.4
Check: dependencies in R code
Result: NOTE
Namespaces in Imports field not imported from:
‘knitr’ ‘rlang’
All declared Imports should be used.
Flavors: r-devel-linux-x86_64-fedora-clang, r-devel-linux-x86_64-fedora-gcc, r-oldrel-macos-arm64, r-oldrel-macos-x86_64
Version: 0.5.4
Check: package dependencies
Result: NOTE
Package suggested but not available for checking: 'BRugs'
Flavors: r-devel-windows-x86_64, r-release-macos-arm64, r-release-macos-x86_64, r-release-windows-x86_64, r-oldrel-macos-arm64, r-oldrel-windows-x86_64
Version: 0.5.4
Check: package dependencies
Result: NOTE
Packages suggested but not available for checking: 'BRugs', 'rjags'
Flavor: r-oldrel-macos-x86_64