CRAN Package Check Results for Package bdDwC

Last updated on 2023-11-29 18:48:40 CET.

Flavor Version Tinstall Tcheck Ttotal Status Flags
r-devel-linux-x86_64-debian-clang 0.1.15 5.84 50.87 56.71 NOTE
r-devel-linux-x86_64-debian-gcc 0.1.15 5.12 39.17 44.29 NOTE
r-devel-linux-x86_64-fedora-clang 0.1.15 79.78 NOTE
r-devel-linux-x86_64-fedora-gcc 0.1.15 67.35 NOTE
r-devel-windows-x86_64 0.1.15 7.00 61.00 68.00 NOTE
r-patched-linux-x86_64 0.1.15 5.95 48.52 54.47 NOTE
r-release-linux-x86_64 0.1.15 5.49 48.33 53.82 NOTE
r-release-macos-arm64 0.1.15 25.00 NOTE
r-release-macos-x86_64 0.1.15 40.00 NOTE
r-release-windows-x86_64 0.1.15 8.00 65.00 73.00 NOTE
r-oldrel-macos-arm64 0.1.15 20.00 NOTE
r-oldrel-macos-x86_64 0.1.15 43.00 NOTE
r-oldrel-windows-x86_64 0.1.15 8.00 69.00 77.00 NOTE

Check Details

Version: 0.1.15
Check: LazyData
Result: NOTE 'LazyData' is specified without a 'data' directory Flavors: r-devel-linux-x86_64-debian-clang, r-devel-linux-x86_64-debian-gcc, r-devel-linux-x86_64-fedora-clang, r-devel-linux-x86_64-fedora-gcc, r-devel-windows-x86_64, r-patched-linux-x86_64, r-release-linux-x86_64, r-release-macos-arm64, r-release-macos-x86_64, r-release-windows-x86_64, r-oldrel-macos-arm64, r-oldrel-macos-x86_64, r-oldrel-windows-x86_64