Last updated on 2023-11-27 18:50:53 CET.
Flavor | Version | Tinstall | Tcheck | Ttotal | Status | Flags |
---|---|---|---|---|---|---|
r-devel-linux-x86_64-debian-clang | 0.1.7 | 15.37 | 101.87 | 117.24 | OK | |
r-devel-linux-x86_64-debian-gcc | 0.1.7 | 10.57 | 80.29 | 90.86 | OK | |
r-devel-linux-x86_64-fedora-clang | 0.1.7 | 155.65 | NOTE | |||
r-devel-linux-x86_64-fedora-gcc | 0.1.7 | 142.69 | NOTE | |||
r-devel-windows-x86_64 | 0.1.7 | 12.00 | 97.00 | 109.00 | OK | |
r-patched-linux-x86_64 | 0.1.7 | 14.89 | 95.26 | 110.15 | OK | |
r-release-linux-x86_64 | 0.1.7 | 8.69 | 95.77 | 104.46 | OK | |
r-release-macos-arm64 | 0.1.7 | 43.00 | OK | |||
r-release-macos-x86_64 | 0.1.7 | 69.00 | OK | |||
r-release-windows-x86_64 | 0.1.7 | 17.00 | 115.00 | 132.00 | OK | |
r-oldrel-macos-arm64 | 0.1.7 | 44.00 | NOTE | |||
r-oldrel-macos-x86_64 | 0.1.7 | 77.00 | NOTE | |||
r-oldrel-windows-x86_64 | 0.1.7 | 18.00 | 114.00 | 132.00 | OK |
Version: 0.1.7
Check: data for non-ASCII characters
Result: NOTE
Note: found 72 marked UTF-8 strings
Flavors: r-devel-linux-x86_64-fedora-clang, r-devel-linux-x86_64-fedora-gcc, r-oldrel-macos-arm64, r-oldrel-macos-x86_64