Last updated on 2023-12-01 18:50:50 CET.
Flavor | Version | Tinstall | Tcheck | Ttotal | Status | Flags |
---|---|---|---|---|---|---|
r-devel-linux-x86_64-debian-clang | 0.1.15 | 11.23 | 92.91 | 104.14 | NOTE | |
r-devel-linux-x86_64-debian-gcc | 0.1.15 | 10.10 | 69.58 | 79.68 | NOTE | |
r-devel-linux-x86_64-fedora-clang | 0.1.15 | 145.09 | NOTE | |||
r-devel-linux-x86_64-fedora-gcc | 0.1.15 | 129.49 | NOTE | |||
r-devel-windows-x86_64 | 0.1.15 | 12.00 | 84.00 | 96.00 | NOTE | |
r-patched-linux-x86_64 | 0.1.15 | 11.96 | 89.48 | 101.44 | NOTE | |
r-release-linux-x86_64 | 0.1.15 | 7.61 | 89.21 | 96.82 | NOTE | |
r-release-macos-arm64 | 0.1.15 | 41.00 | NOTE | |||
r-release-macos-x86_64 | 0.1.15 | 61.00 | NOTE | |||
r-release-windows-x86_64 | 0.1.15 | 15.00 | 103.00 | 118.00 | NOTE | |
r-oldrel-macos-arm64 | 0.1.15 | 41.00 | NOTE | |||
r-oldrel-macos-x86_64 | 0.1.15 | 68.00 | NOTE | |||
r-oldrel-windows-x86_64 | 0.1.15 | 18.00 | 105.00 | 123.00 | NOTE |
Version: 0.1.15
Check: LazyData
Result: NOTE
'LazyData' is specified without a 'data' directory
Flavors: r-devel-linux-x86_64-debian-clang, r-devel-linux-x86_64-debian-gcc, r-devel-linux-x86_64-fedora-clang, r-devel-linux-x86_64-fedora-gcc, r-devel-windows-x86_64, r-patched-linux-x86_64, r-release-linux-x86_64, r-release-macos-arm64, r-release-macos-x86_64, r-release-windows-x86_64, r-oldrel-macos-arm64, r-oldrel-macos-x86_64, r-oldrel-windows-x86_64
Version: 0.1.15
Check: dependencies in R code
Result: NOTE
Namespace in Imports field not imported from: ‘DT’
All declared Imports should be used.
Flavors: r-devel-linux-x86_64-fedora-clang, r-devel-linux-x86_64-fedora-gcc, r-oldrel-macos-arm64, r-oldrel-macos-x86_64