Last updated on 2023-12-02 18:53:35 CET.
Flavor | Version | Tinstall | Tcheck | Ttotal | Status | Flags |
---|---|---|---|---|---|---|
r-devel-linux-x86_64-debian-clang | 1.1.0 | 10.43 | 163.83 | 174.26 | NOTE | |
r-devel-linux-x86_64-debian-gcc | 1.1.0 | 8.73 | 120.86 | 129.59 | NOTE | |
r-devel-linux-x86_64-fedora-clang | 1.1.0 | 229.02 | OK | |||
r-devel-linux-x86_64-fedora-gcc | 1.1.0 | 218.76 | OK | |||
r-devel-windows-x86_64 | 1.1.0 | 10.00 | 439.00 | 449.00 | OK | |
r-patched-linux-x86_64 | 1.1.0 | 10.06 | 162.27 | 172.33 | OK | |
r-release-linux-x86_64 | 1.1.0 | 10.54 | 161.05 | 171.59 | OK | |
r-release-macos-arm64 | 1.1.0 | 232.00 | OK | |||
r-release-macos-x86_64 | 1.1.0 | 390.00 | OK | |||
r-release-windows-x86_64 | 1.1.0 | 15.00 | 556.00 | 571.00 | OK | |
r-oldrel-macos-arm64 | 1.1.0 | 181.00 | OK | |||
r-oldrel-macos-x86_64 | 1.1.0 | 288.00 | OK | |||
r-oldrel-windows-x86_64 | 1.1.0 | 14.00 | 553.00 | 567.00 | OK |
Version: 1.1.0
Check: Rd files
Result: NOTE
checkRd: (-1) autoplot.plm0.Rd:61: Lost braces in \itemize; meant \describe ?
checkRd: (-1) autoplot.plm0.Rd:62: Lost braces in \itemize; meant \describe ?
checkRd: (-1) autoplot.plm0.Rd:63: Lost braces in \itemize; meant \describe ?
checkRd: (-1) autoplot.plm0.Rd:64: Lost braces in \itemize; meant \describe ?
checkRd: (-1) autoplot.plm0.Rd:65: Lost braces in \itemize; meant \describe ?
checkRd: (-1) autoplot.plm0.Rd:66: Lost braces in \itemize; meant \describe ?
checkRd: (-1) autoplot.plm0.Rd:67: Lost braces in \itemize; meant \describe ?
checkRd: (-1) autoplot.plm0.Rd:68: Lost braces in \itemize; meant \describe ?
checkRd: (-1) autoplot.tournament.Rd:16: Lost braces in \itemize; meant \describe ?
checkRd: (-1) get_report.Rd:31: Lost braces in \itemize; meant \describe ?
checkRd: (-1) get_report.Rd:32: Lost braces in \itemize; meant \describe ?
checkRd: (-1) get_report_pages.Rd:29: Lost braces in \itemize; meant \describe ?
checkRd: (-1) get_report_pages.Rd:30: Lost braces in \itemize; meant \describe ?
checkRd: (-1) plot.plm0.Rd:61: Lost braces in \itemize; meant \describe ?
checkRd: (-1) plot.plm0.Rd:62: Lost braces in \itemize; meant \describe ?
checkRd: (-1) plot.plm0.Rd:63: Lost braces in \itemize; meant \describe ?
checkRd: (-1) plot.plm0.Rd:64: Lost braces in \itemize; meant \describe ?
checkRd: (-1) plot.plm0.Rd:65: Lost braces in \itemize; meant \describe ?
checkRd: (-1) plot.plm0.Rd:66: Lost braces in \itemize; meant \describe ?
checkRd: (-1) plot.plm0.Rd:67: Lost braces in \itemize; meant \describe ?
checkRd: (-1) plot.plm0.Rd:68: Lost braces in \itemize; meant \describe ?
checkRd: (-1) plot.plm0.Rd:69: Lost braces in \itemize; meant \describe ?
checkRd: (-1) plot.tournament.Rd:16: Lost braces in \itemize; meant \describe ?
checkRd: (-1) plot.tournament.Rd:17: Lost braces in \itemize; meant \describe ?
checkRd: (-1) plot.tournament.Rd:18: Lost braces in \itemize; meant \describe ?
checkRd: (-1) plot.tournament.Rd:19: Lost braces in \itemize; meant \describe ?
checkRd: (-1) plot.tournament.Rd:20: Lost braces in \itemize; meant \describe ?
checkRd: (-1) plot.tournament.Rd:21: Lost braces in \itemize; meant \describe ?
checkRd: (-1) plot.tournament.Rd:22: Lost braces in \itemize; meant \describe ?
checkRd: (-1) plot_fun.Rd:23: Lost braces in \itemize; meant \describe ?
checkRd: (-1) plot_fun.Rd:24: Lost braces in \itemize; meant \describe ?
checkRd: (-1) plot_fun.Rd:25: Lost braces in \itemize; meant \describe ?
checkRd: (-1) plot_fun.Rd:26: Lost braces in \itemize; meant \describe ?
checkRd: (-1) plot_fun.Rd:27: Lost braces in \itemize; meant \describe ?
checkRd: (-1) plot_fun.Rd:28: Lost braces in \itemize; meant \describe ?
checkRd: (-1) plot_fun.Rd:29: Lost braces in \itemize; meant \describe ?
checkRd: (-1) plot_fun.Rd:30: Lost braces in \itemize; meant \describe ?
checkRd: (-1) plot_fun.Rd:31: Lost braces in \itemize; meant \describe ?
Flavors: r-devel-linux-x86_64-debian-clang, r-devel-linux-x86_64-debian-gcc