CRAN Package Check Results for Package beepr

Last updated on 2024-02-22 18:50:20 CET.

Flavor Version Tinstall Tcheck Ttotal Status Flags
r-devel-linux-x86_64-debian-clang 1.3 OK
r-devel-linux-x86_64-debian-gcc 1.3 2.72 22.71 25.43 OK
r-devel-linux-x86_64-fedora-clang 1.3 40.35 NOTE
r-devel-linux-x86_64-fedora-gcc 1.3 39.55 NOTE
r-devel-windows-x86_64 1.3 3.00 43.00 46.00 OK
r-patched-linux-x86_64 1.3 3.34 29.90 33.24 OK
r-release-linux-x86_64 1.3 3.64 28.59 32.23 OK
r-release-macos-arm64 1.3 19.00 OK
r-release-macos-x86_64 1.3 23.00 OK
r-release-windows-x86_64 1.3 4.00 44.00 48.00 OK
r-oldrel-macos-arm64 1.3 14.00 OK
r-oldrel-windows-x86_64 1.3 5.00 47.00 52.00 OK

Check Details

Version: 1.3
Check: for detritus in the temp directory
Result: NOTE Found the following files/directories: ‘pulse-PKdhtXMmr18n’ Flavors: r-devel-linux-x86_64-fedora-clang, r-devel-linux-x86_64-fedora-gcc