CRAN Package Check Results for Package bestglm

Last updated on 2024-02-25 18:51:18 CET.

Flavor Version Tinstall Tcheck Ttotal Status Flags
r-devel-linux-x86_64-debian-clang 0.37.3 8.92 88.29 97.21 OK
r-devel-linux-x86_64-debian-gcc 0.37.3 8.46 67.32 75.78 OK
r-devel-linux-x86_64-fedora-clang 0.37.3 122.03 OK
r-devel-linux-x86_64-fedora-gcc 0.37.3 121.81 OK
r-devel-windows-x86_64 0.37.3 9.00 88.00 97.00 OK
r-patched-linux-x86_64 0.37.3 13.22 87.46 100.68 OK
r-release-linux-x86_64 0.37.3 10.35 88.98 99.33 OK
r-release-macos-arm64 0.37.3 40.00 OK
r-release-macos-x86_64 0.37.3 65.00 NOTE
r-release-windows-x86_64 0.37.3 13.00 107.00 120.00 OK
r-oldrel-macos-arm64 0.37.3 35.00 OK
r-oldrel-windows-x86_64 0.37.3 13.00 110.00 123.00 OK

Check Details

Version: 0.37.3
Check: package dependencies
Result: NOTE Package which this enhances but not available for checking: ‘caret’ Flavor: r-release-macos-x86_64