Last updated on 2023-11-30 18:49:23 CET.
Flavor | Version | Tinstall | Tcheck | Ttotal | Status | Flags |
---|---|---|---|---|---|---|
r-devel-linux-x86_64-debian-clang | 4.6.1 | 80.83 | 50.76 | 131.59 | WARN | |
r-devel-linux-x86_64-debian-gcc | 4.6.1 | 70.77 | 38.64 | 109.41 | OK | |
r-devel-linux-x86_64-fedora-clang | 4.6.1 | 189.65 | WARN | |||
r-devel-linux-x86_64-fedora-gcc | 4.6.1 | 210.53 | OK | |||
r-devel-windows-x86_64 | 4.6.1 | 78.00 | 86.00 | 164.00 | OK | |
r-patched-linux-x86_64 | 4.6.1 | 86.12 | 48.79 | 134.91 | OK | |
r-release-linux-x86_64 | 4.6.1 | 84.42 | 49.61 | 134.03 | OK | |
r-release-macos-arm64 | 4.6.1 | 54.00 | NOTE | |||
r-release-macos-x86_64 | 4.6.1 | 91.00 | NOTE | |||
r-release-windows-x86_64 | 4.6.1 | 85.00 | 96.00 | 181.00 | OK | |
r-oldrel-macos-arm64 | 4.6.1 | 52.00 | NOTE | |||
r-oldrel-macos-x86_64 | 4.6.1 | 78.00 | NOTE | |||
r-oldrel-windows-x86_64 | 4.6.1 | 93.00 | 89.00 | 182.00 | OK |
Version: 4.6.1
Check: whether package can be installed
Result: WARN
Found the following significant warnings:
bigmemory.cpp:898:13: warning: format string is not a string literal (potentially insecure) [-Wformat-security]
deepcopy.cpp:115:18: warning: format string is not a string literal (potentially insecure) [-Wformat-security]
See ‘/home/hornik/tmp/R.check/r-devel-clang/Work/PKGS/bigmemory.Rcheck/00install.out’ for details.
* used C++ compiler: ‘Debian clang version 17.0.5 (1)’
Flavor: r-devel-linux-x86_64-debian-clang
Version: 4.6.1
Check: whether package can be installed
Result: WARN
Found the following significant warnings:
deepcopy.cpp:115:18: warning: format string is not a string literal (potentially insecure) [-Wformat-security]
bigmemory.cpp:898:13: warning: format string is not a string literal (potentially insecure) [-Wformat-security]
See ‘/data/gannet/ripley/R/packages/tests-clang/bigmemory.Rcheck/00install.out’ for details.
* used C++ compiler: ‘clang version 17.0.5’
Flavor: r-devel-linux-x86_64-fedora-clang
Version: 4.6.1
Check: installed package size
Result: NOTE
installed size is 7.4Mb
sub-directories of 1Mb or more:
libs 7.0Mb
Flavors: r-release-macos-arm64, r-release-macos-x86_64, r-oldrel-macos-arm64, r-oldrel-macos-x86_64