CRAN Package Check Results for Package binr

Last updated on 2024-05-23 20:52:14 CEST.

Flavor Version Tinstall Tcheck Ttotal Status Flags
r-devel-linux-x86_64-debian-clang 1.1.1 2.82 25.59 28.41 NOTE
r-devel-linux-x86_64-debian-gcc 1.1.1 1.91 19.55 21.46 NOTE
r-devel-linux-x86_64-fedora-clang 1.1.1 37.95 NOTE
r-devel-linux-x86_64-fedora-gcc 1.1.1 34.32 NOTE
r-devel-windows-x86_64 1.1.1 3.00 44.00 47.00 NOTE
r-patched-linux-x86_64 1.1.1 3.15 24.69 27.84 NOTE
r-release-linux-x86_64 1.1.1 2.26 24.25 26.51 NOTE
r-release-macos-arm64 1.1.1 15.00 NOTE
r-release-windows-x86_64 1.1.1 3.00 43.00 46.00 NOTE
r-oldrel-macos-arm64 1.1.1 18.00 OK
r-oldrel-macos-x86_64 1.1.1 23.00 OK
r-oldrel-windows-x86_64 1.1.1 4.00 41.00 45.00 OK

Check Details

Version: 1.1.1
Check: Rd files
Result: NOTE checkRd: (-1) bins.Rd:46: Lost braces in \itemize; \value handles \item{}{} directly checkRd: (-1) bins.Rd:47: Lost braces in \itemize; \value handles \item{}{} directly checkRd: (-1) bins.Rd:48: Lost braces in \itemize; \value handles \item{}{} directly checkRd: (-1) bins.Rd:49: Lost braces in \itemize; \value handles \item{}{} directly checkRd: (-1) bins.Rd:50: Lost braces in \itemize; \value handles \item{}{} directly checkRd: (-1) bins.Rd:51: Lost braces in \itemize; \value handles \item{}{} directly checkRd: (-1) bins.Rd:52: Lost braces in \itemize; \value handles \item{}{} directly checkRd: (-1) bins.Rd:53: Lost braces in \itemize; \value handles \item{}{} directly checkRd: (-1) bins.Rd:54: Lost braces in \itemize; \value handles \item{}{} directly checkRd: (-1) bins.Rd:55: Lost braces in \itemize; \value handles \item{}{} directly checkRd: (-1) bins.greedy.Rd:45: Lost braces in \itemize; \value handles \item{}{} directly checkRd: (-1) bins.greedy.Rd:46: Lost braces in \itemize; \value handles \item{}{} directly checkRd: (-1) bins.greedy.Rd:47: Lost braces in \itemize; \value handles \item{}{} directly checkRd: (-1) bins.greedy.Rd:48: Lost braces in \itemize; \value handles \item{}{} directly checkRd: (-1) bins.greedy.Rd:49: Lost braces in \itemize; \value handles \item{}{} directly checkRd: (-1) bins.optimize.Rd:54: Lost braces in \itemize; \value handles \item{}{} directly checkRd: (-1) bins.optimize.Rd:55: Lost braces in \itemize; \value handles \item{}{} directly checkRd: (-1) bins.optimize.Rd:56: Lost braces in \itemize; \value handles \item{}{} directly checkRd: (-1) bins.optimize.Rd:57: Lost braces in \itemize; \value handles \item{}{} directly checkRd: (-1) bins.optimize.Rd:58: Lost braces in \itemize; \value handles \item{}{} directly checkRd: (-1) bins.optimize.Rd:59: Lost braces in \itemize; \value handles \item{}{} directly checkRd: (-1) bins.optimize.Rd:60: Lost braces in \itemize; \value handles \item{}{} directly checkRd: (-1) bins.optimize.Rd:61: Lost braces in \itemize; \value handles \item{}{} directly checkRd: (-1) bins.optimize.Rd:62: Lost braces in \itemize; \value handles \item{}{} directly checkRd: (-1) bins.optimize.Rd:63: Lost braces in \itemize; \value handles \item{}{} directly Flavors: r-devel-linux-x86_64-debian-clang, r-devel-linux-x86_64-debian-gcc, r-devel-linux-x86_64-fedora-clang, r-devel-linux-x86_64-fedora-gcc, r-devel-windows-x86_64, r-patched-linux-x86_64, r-release-linux-x86_64, r-release-macos-arm64, r-release-windows-x86_64