Last updated on 2023-12-06 18:52:38 CET.
Flavor | Version | Tinstall | Tcheck | Ttotal | Status | Flags |
---|---|---|---|---|---|---|
r-devel-linux-x86_64-debian-clang | 0.1.26 | 102.36 | 132.27 | 234.63 | OK | |
r-devel-linux-x86_64-debian-gcc | 0.1.26 | 73.77 | 101.04 | 174.81 | OK | |
r-devel-linux-x86_64-fedora-clang | 0.1.26 | 341.28 | OK | |||
r-devel-linux-x86_64-fedora-gcc | 0.1.26 | 318.38 | OK | |||
r-devel-windows-x86_64 | 0.1.26 | 78.00 | 147.00 | 225.00 | OK | |
r-patched-linux-x86_64 | 0.1.26 | 71.34 | 132.34 | 203.68 | OK | |
r-release-linux-x86_64 | 0.1.26 | 77.92 | 129.78 | 207.70 | OK | |
r-release-macos-arm64 | 0.1.26 | 88.00 | NOTE | |||
r-release-macos-x86_64 | 0.1.26 | 142.00 | NOTE | |||
r-release-windows-x86_64 | 0.1.26 | 103.00 | 173.00 | 276.00 | OK | |
r-oldrel-macos-arm64 | 0.1.26 | 83.00 | NOTE | |||
r-oldrel-macos-x86_64 | 0.1.26 | 110.00 | NOTE | |||
r-oldrel-windows-x86_64 | 0.1.26 | 97.00 | 178.00 | 275.00 | OK |
Version: 0.1.26
Check: installed package size
Result: NOTE
installed size is 5.7Mb
sub-directories of 1Mb or more:
data 1.1Mb
libs 4.4Mb
Flavors: r-release-macos-arm64, r-release-macos-x86_64, r-oldrel-macos-arm64, r-oldrel-macos-x86_64