CRAN Package Check Results for Package binsreg

Last updated on 2024-07-13 19:53:56 CEST.

Flavor Version Tinstall Tcheck Ttotal Status Flags
r-devel-linux-x86_64-debian-clang 1.0 21.24 148.64 169.88 OK
r-devel-linux-x86_64-debian-gcc 1.0 18.58 106.38 124.96 OK
r-devel-linux-x86_64-fedora-clang 1.0 207.56 OK
r-devel-linux-x86_64-fedora-gcc 1.0 209.07 OK
r-devel-windows-x86_64 1.0 22.00 108.00 130.00 NOTE
r-patched-linux-x86_64 1.0 25.77 135.41 161.18 OK
r-release-linux-x86_64 1.0 21.36 137.33 158.69 OK
r-release-macos-arm64 1.0 52.00 OK
r-release-macos-x86_64 1.0 88.00 OK
r-release-windows-x86_64 1.0 20.00 109.00 129.00 OK
r-oldrel-macos-arm64 1.0 51.00 OK
r-oldrel-macos-x86_64 1.0 92.00 OK
r-oldrel-windows-x86_64 1.0 27.00 133.00 160.00 OK

Check Details

Version: 1.0
Check: Rd cross-references
Result: NOTE Found the following Rd file(s) with Rd \link{} targets missing package anchors: binspwc.Rd: rq, boot.rq binsqreg.Rd: summary.rq, boot.rq, rq binstest.Rd: rq, boot.rq Please provide package anchors for all Rd \link{} targets not in the package itself and the base packages. Flavor: r-devel-windows-x86_64