Last updated on 2023-12-10 18:52:05 CET.
Flavor | Version | Tinstall | Tcheck | Ttotal | Status | Flags |
---|---|---|---|---|---|---|
r-devel-linux-x86_64-debian-clang | 0.5-2 | 1024.55 | 267.09 | 1291.64 | NOTE | |
r-devel-linux-x86_64-debian-gcc | 0.5-2 | 595.47 | 205.56 | 801.03 | NOTE | |
r-devel-linux-x86_64-fedora-clang | 0.5-2 | 1408.32 | NOTE | |||
r-devel-linux-x86_64-fedora-gcc | 0.5-2 | 1478.25 | NOTE | |||
r-devel-windows-x86_64 | 0.5-2 | 558.00 | 205.00 | 763.00 | NOTE | |
r-patched-linux-x86_64 | 0.5-2 | 513.17 | 274.91 | 788.08 | NOTE | |
r-release-linux-x86_64 | 0.5-2 | 504.54 | 271.32 | 775.86 | NOTE | |
r-release-macos-arm64 | 0.5-2 | 459.00 | NOTE | |||
r-release-macos-x86_64 | 0.5-2 | 799.00 | NOTE | |||
r-release-windows-x86_64 | 0.5-2 | 721.00 | 276.00 | 997.00 | NOTE | |
r-oldrel-macos-arm64 | 0.5-2 | 467.00 | NOTE | |||
r-oldrel-macos-x86_64 | 0.5-2 | 673.00 | NOTE | |||
r-oldrel-windows-x86_64 | 0.5-2 | 649.00 | 260.00 | 909.00 | NOTE |
Version: 0.5-2
Check: package dependencies
Result: NOTE
Package suggested but not available for checking: ‘cmdstanr’
Flavors: r-devel-linux-x86_64-debian-clang, r-devel-linux-x86_64-debian-gcc, r-devel-linux-x86_64-fedora-clang, r-devel-linux-x86_64-fedora-gcc, r-devel-windows-x86_64, r-patched-linux-x86_64, r-release-linux-x86_64, r-release-macos-arm64, r-release-macos-x86_64, r-release-windows-x86_64, r-oldrel-macos-arm64, r-oldrel-macos-x86_64, r-oldrel-windows-x86_64
Version: 0.5-2
Check: for GNU extensions in Makefiles
Result: NOTE
GNU make is a SystemRequirements.
Flavors: r-devel-linux-x86_64-debian-clang, r-devel-linux-x86_64-debian-gcc, r-devel-linux-x86_64-fedora-clang, r-devel-linux-x86_64-fedora-gcc, r-devel-windows-x86_64, r-patched-linux-x86_64, r-release-linux-x86_64, r-release-macos-arm64, r-release-macos-x86_64, r-release-windows-x86_64, r-oldrel-macos-arm64, r-oldrel-macos-x86_64, r-oldrel-windows-x86_64
Version: 0.5-2
Check: installed package size
Result: NOTE
installed size is 10.2Mb
sub-directories of 1Mb or more:
R 1.2Mb
libs 7.3Mb
testdata 1.4Mb
Flavors: r-devel-linux-x86_64-fedora-clang, r-devel-windows-x86_64, r-release-macos-arm64, r-release-macos-x86_64, r-release-windows-x86_64, r-oldrel-macos-arm64, r-oldrel-macos-x86_64, r-oldrel-windows-x86_64