Last updated on 2023-12-04 18:52:09 CET.
Flavor | Version | Tinstall | Tcheck | Ttotal | Status | Flags |
---|---|---|---|---|---|---|
r-devel-linux-x86_64-debian-clang | 0.6.4 | 9.81 | 72.05 | 81.86 | OK | |
r-devel-linux-x86_64-debian-gcc | 0.6.4 | 7.87 | 51.64 | 59.51 | OK | |
r-devel-linux-x86_64-fedora-clang | 0.6.4 | 95.77 | NOTE | |||
r-devel-linux-x86_64-fedora-gcc | 0.6.4 | 102.71 | NOTE | |||
r-devel-windows-x86_64 | 0.6.4 | 12.00 | 79.00 | 91.00 | OK | |
r-patched-linux-x86_64 | 0.6.4 | 9.20 | 67.71 | 76.91 | OK | |
r-release-linux-x86_64 | 0.6.4 | 9.52 | 67.90 | 77.42 | OK | |
r-release-macos-arm64 | 0.6.4 | 33.00 | OK | |||
r-release-macos-x86_64 | 0.6.4 | 49.00 | OK | |||
r-release-windows-x86_64 | 0.6.4 | 14.00 | 87.00 | 101.00 | OK | |
r-oldrel-macos-arm64 | 0.6.4 | 32.00 | OK | |||
r-oldrel-macos-x86_64 | 0.6.4 | 43.00 | OK | |||
r-oldrel-windows-x86_64 | 0.6.4 | 14.00 | 90.00 | 104.00 | OK |
Version: 0.6.4
Check: compiled code
Result: NOTE
File ‘blockTools/libs/blockTools.so’:
Found no calls to: ‘R_registerRoutines’, ‘R_useDynamicSymbols’
It is good practice to register native routines and to disable symbol
search.
See ‘Writing portable packages’ in the ‘Writing R Extensions’ manual.
Flavors: r-devel-linux-x86_64-fedora-clang, r-devel-linux-x86_64-fedora-gcc