CRAN Package Check Results for Package bmem

Last updated on 2024-07-24 20:52:17 CEST.

Flavor Version Tinstall Tcheck Ttotal Status Flags
r-devel-linux-x86_64-debian-clang 2.1 14.72 116.05 130.77 OK
r-devel-linux-x86_64-debian-gcc 2.1 10.77 85.64 96.41 NOTE
r-devel-linux-x86_64-fedora-clang 2.1 161.98 OK
r-devel-linux-x86_64-fedora-gcc 2.1 153.89 OK
r-devel-windows-x86_64 2.1 13.00 105.00 118.00 NOTE
r-patched-linux-x86_64 2.1 18.13 110.92 129.05 OK
r-release-linux-x86_64 2.1 14.04 112.70 126.74 OK
r-release-macos-arm64 2.1 48.00 OK
r-release-macos-x86_64 2.1 71.00 OK
r-release-windows-x86_64 2.1 13.00 104.00 117.00 OK
r-oldrel-macos-arm64 2.1 58.00 OK
r-oldrel-macos-x86_64 2.1 119.00 OK
r-oldrel-windows-x86_64 2.1 17.00 126.00 143.00 OK

Check Details

Version: 2.1
Check: Rd cross-references
Result: NOTE Found the following Rd file(s) with Rd \link{} targets missing package anchors: bmem.Rd: sem bmem.bs.Rd: sem bmem.em.Rd: sem bmem.em.boot.Rd: sem bmem.em.jack.Rd: sem bmem.list.Rd: sem bmem.list.boot.Rd: sem bmem.list.jack.Rd: sem bmem.mi.Rd: sem bmem.mi.boot.Rd: sem bmem.mi.jack.Rd: sem bmem.pair.Rd: sem bmem.pair.boot.Rd: sem bmem.pair.jack.Rd: sem bmem.sobel.Rd: sem popPar.Rd: lavaan power.basic.Rd: model.syntax power.boot.Rd: model.syntax power.curve.Rd: model.syntax summary.power.Rd: lavaan Please provide package anchors for all Rd \link{} targets not in the package itself and the base packages. Flavors: r-devel-linux-x86_64-debian-gcc, r-devel-windows-x86_64