CRAN Package Check Results for Package bndesr

Last updated on 2024-04-23 20:51:58 CEST.

Flavor Version Tinstall Tcheck Ttotal Status Flags
r-devel-linux-x86_64-debian-clang 1.0.3 1.69 32.41 34.10 OK
r-devel-linux-x86_64-debian-gcc 1.0.3 2.20 25.21 27.41 OK
r-devel-linux-x86_64-fedora-clang 1.0.3 44.70 NOTE
r-devel-linux-x86_64-fedora-gcc 1.0.3 42.99 NOTE
r-prerel-macos-arm64 1.0.3 36.00 OK
r-prerel-windows-x86_64 1.0.3 4.00 59.00 63.00 OK
r-patched-linux-x86_64 1.0.3 1.74 32.35 34.09 OK
r-release-linux-x86_64 1.0.3 2.43 32.26 34.69 OK
r-release-macos-arm64 1.0.3 35.00 OK
r-release-macos-x86_64 1.0.3 48.00 OK
r-release-windows-x86_64 1.0.3 4.00 59.00 63.00 OK
r-oldrel-macos-arm64 1.0.3 35.00 OK
r-oldrel-windows-x86_64 1.0.3 4.00 64.00 68.00 OK

Check Details

Version: 1.0.3
Check: dependencies in R code
Result: NOTE Namespace in Imports field not imported from: ‘curl’ All declared Imports should be used. Flavors: r-devel-linux-x86_64-fedora-clang, r-devel-linux-x86_64-fedora-gcc